-- https://www.phpmyadmin.net/
--
-- Servidor: localhost
-- Tiempo de generación: 05-05-2023 a las 15:23:24
-- Versión del servidor: 8.0.31
-- Versión de PHP: 8.0.26

START TRANSACTION;



--
-- Base de datos: `r_user`
--

-- --------------------------------------------------------

--
-- Estructura de tabla para la tabla `permisos`
--

CREATE TABLE `permisos` (
  `id` int NOT NULL,
  `rol` varchar(50) NOT NULL
) ENGINE=InnoDB DEFAULT CHARSET=utf8mb3;

--
-- Volcado de datos para la tabla `permisos`
--

INSERT INTO `permisos` (`id`, `rol`) VALUES
(1, 'Administrador'),
(2, 'Lector');

-- --------------------------------------------------------

--
-- Estructura de tabla para la tabla `tb_act`
--

CREATE TABLE `tb_act` (
  `id` int NOT NULL,
  `nombre` text CHARACTER SET utf8mb3 COLLATE utf8mb3_spanish_ci NOT NULL,
  `dia` date NOT NULL,
  `hora` time NOT NULL,
  `fecha` timestamp NOT NULL DEFAULT CURRENT_TIMESTAMP ON UPDATE CURRENT_TIMESTAMP
) ENGINE=InnoDB DEFAULT CHARSET=utf8mb3 COLLATE=utf8mb3_spanish2_ci;

--
-- Volcado de datos para la tabla `tb_act`
--

INSERT INTO `tb_act` (`id`, `nombre`, `dia`, `hora`, `fecha`) VALUES
(10, 'Curso Alogrithmics ROBLOX/ C. Del Codigo', '2023-03-13', '16:30:00', '2023-04-11 20:31:28'),
(13, 'Visitas en General', '2023-01-01', '00:00:00', '2023-04-13 18:52:28'),
(16, 'Lab. Fundamentos de Enfermería - Grupo Intermedio - I Año', '2023-04-25', '08:00:00', '2023-04-24 21:10:40'),
(17, 'Práctica Profesional - Facultad de Economía', '2023-04-25', '14:00:00', '2023-04-24 21:17:30'),
(19, 'Lab. Fundamentos de Enfermería - II año', '2023-04-24', '08:00:00', '2023-04-27 15:13:49'),
(20, 'Salud Pública 2 - Tercer Año', '2023-05-02', '08:00:00', '2023-05-02 13:25:53'),
(22, 'Salud de Adultos - II Año A/B', '2023-05-02', '13:30:00', '2023-05-02 18:43:27');

-- --------------------------------------------------------

--
-- Estructura de tabla para la tabla `tb_asist`
--

CRE numATE TABLE `tb_asist` (
  `cedula` varchar(15) CHARACTER SET utf8mb3 COLLATE utf8mb3_spanish_ci NOT NULL,
  `nombre` text CHARACTER SET utf8mb3 COLLATE utf8mb3_spanish_ci NOT NULL,
  `email` varchar(100) CHARACTER SET utf8mb3 COLLATE utf8mb3_spanish_ci NOT NULL,
  `telefono` varchar(20) CHARACTER SET utf8mb3 COLLATE utf8mb3_spanish_ci NOT NULL,
  `clase` text CHARACTER SET utf8mb3 COLLATE utf8mb3_spanish_ci NOT NULL,
  `tipo` text CHARACTER SET utf8mb3 COLLATE utf8mb3_spanish_ci NOT NULL,
  `institución` text CHARACTER SET utf8mb3 COLLATE utf8mb3_spanish_ci NOT NULL,
  `lugar` text CHARACTER SET utf8mb3 COLLATE utf8mb3_spanish_ci NOT NULL,
  `fecha` timestamp NOT NULL DEFAULT CURRENT_TIMESTAMP ON UPDATE CURRENT_TIMESTAMP
) ENGINE=InnoDB DEFAULT CHARSET=utf8mb3 COLLATE=utf8mb3_spanish_ci;

--
-- Volcado de datos para la tabla `tb_asist`
--

INSERT INTO `tb_asist` (`cedula`, `nombre`, `email`, `telefono`, `clase`, `tipo`, `institución`, `lugar`, `fecha`) VALUES
('1-18-2740', 'virgilio salazar', 'vsalazar@mida.gob.pa', '67971418', 'Autoridad', 'nacional', 'mida', 'panama ', '2023-04-27 13:49:26'),
('1-752-854', 'Yahanis cortes', 'yahanisc8@gmail.com', '63435191', 'Estudiante', 'nacional', 'CRUA', 'Chitre ', '2023-05-02 13:32:26'),
('12-717-2009', 'Amarilis Miranda Concepción ', 'amarilis1270m@gmail.com', '64526501', 'Estudiante', 'nacional', 'CRUA', 'chitre', '2023-05-05 13:12:04'),
('2-741-1037', 'Saúl Hernández', 'saulexis21@gmail.com', '68068603', 'Estudiante', 'nacional', 'CRUA', 'Penonomé', '2023-04-13 15:27:20'),
('2-750-2308', 'Milagro Castillo ', 'castilloquirozmilagroesthefany@gmail.com', '63268429', 'Estudiante', 'nacional', 'CRUA', 'Chitré', '2023-05-02 18:48:33'),
('2-753-1239', 'Eymis Torres ', 'eymis507torres@gmail.com', '6411-7608', 'Estudiante', 'nacional', 'CRUA ', 'Chitré', '2023-04-25 19:08:16'),
('2-88-1379', 'Maria Pedreschi', 'prof.mariapedre2020@gmail.com', '69831359', 'Docente', 'nacional', 'CRUA', 'Chitre', '2023-04-25 18:53:56'),
('2-94-34', 'Jose Antonio Diaz Villarreal', 'jose.diaz.pty@gmail.com', '62469354', 'Publico en general', 'nacional', 'Jeunesse', 'Panama', '2023-04-13 18:50:20'),
('3-728-1935', 'Lisdiali Navarro', 'lisdialis@gmail.com', '63119021', 'Estudiante', 'nacional', 'CRUA', 'Chitré', '2023-04-13 14:50:40'),
('3-752-8', 'Dayannis Batista', 'batistadayannis2@gmail.com', '62278247', 'Estudiante', 'nacional', 'CRUA', 'Los  Santos', '2023-05-05 13:07:32'),
('3-754-846', 'Paola Sue Muñoz Pieffer', 'paosmpieffer@gmail.com', '62795118', 'Estudiante', 'nacional', 'Crua', 'Chitre ', '2023-05-02 18:46:06'),
('4-142-2662', 'farides vargas', 'f.v23@hotmail.com', '65909155', 'Publico en general', 'nacional', 'mida', 'panamá', '2023-04-27 13:48:07'),
('4-766-476', 'Arielys K Suarez Palma ', 'arielyskarina@hotmail.com', '63649974', 'Estudiante', 'nacional', 'CRUA', 'Chitre', '2023-05-02 18:48:53'),
('4-818-52 ', 'Edgar Omar González Cubilla ', 'edgaromargon04@gmail.com', '62698289', 'Estudiante', 'nacional', 'Crua', 'Chitré ', '2023-04-25 19:08:03'),
('4-867-410', 'Jose Broce', 'johannaibeth1823@gmail.com', '62337351', 'Estudiante', 'nacional', 'Algorithmics', 'Los Santos', '2023-04-13 21:06:41'),
('6-41-2503', 'Mario augusto Arjona', 'marioi.arjona@hotmail.com', '65117775', 'Publico en general', 'nacional', 'MIDA', 'PESÉ', '2023-04-27 13:29:48'),
('6-41-773', 'Nestor Javier Gonzales Tello', 'ngtello11@hotmail.com', '62523903', 'Docente', 'nacional', 'CRUA', 'Chitre', '2023-04-25 18:43:34'),
('6-43-119', 'LEONEL DELGADO', '', '6761-7939', 'Estudiante', 'nacional', 'MIDA', 'OCU', '2023-04-27 12:57:39'),
('6-47-11', 'Deris Deago', 'dadqie@gmail.com', '65147054', 'Participante', 'nacional', 'MIDA', 'Chité', '2023-04-27 13:31:17'),
('6-47-271-', 'Aracelis Ureña  Carvajal', 'aracelisuc@gmail.com', '6758-9878', 'Publico en general', 'nacional', 'EMPRESA  PRIVADA', 'PANAMA', '2023-04-13 18:50:27'),
('6-48-1915', 'Adys Pereira de Herrera', 'apereiradeherrera@gmail.com', '67044473', 'Docente', 'nacional', 'Facultad de Economía, CRUA', 'Chitré', '2023-04-25 16:34:20'),
('6-49-2771', 'EZEQUIEL PEREIRA', '', '6509-3438', 'Estudiante', 'nacional', 'MIDA', 'CHITRE', '2023-04-27 13:31:00'),
('6-53-1564', 'iris elizabeth garrido diaz', '', '6535-6204', 'Estudiante', 'nacional', 'MIDA', ' CHITRE', '2023-04-27 13:17:53'),
('6-59-397', 'david burgos', 'dburgos@bda.org.gob', '65756696', 'Participante', 'nacional', 'bda', 'Chitre', '2023-04-27 13:42:07'),
('6-701-2055', 'ELIS SERRANO', 'elisserrano06@gmail.com', '66770883', 'Docente', 'nacional', 'CIDETE CRUA Y LA UNIVERSIDAD DE PÁNAMÁ', 'UNIVERSIDAD DE PANAMA CRUA ', '2023-04-11 19:47:30'),
('6-703-1728', 'alfredo bernal', 'alfredobernal1605@icloud.com', '6626-9157', 'Publico en general', 'nacional', 'mida Parita', 'parita', '2023-04-27 13:26:54'),
('6-703-98', 'Marlenis Marin', 'marleniscmm@gmail.com', '67503639', 'Estudiante', 'nacional', 'Ministerio de Ambiente', 'CHITRÉ', '2023-04-27 13:36:37'),
('6-705-2394', 'Luz Maria Villarreal', 'luzvillarreal209@gmail.com', '67921481', 'Docente', 'nacional', 'CRUA', 'Chitre', '2023-05-02 18:56:31'),
('6-706-402', 'Zoraida A. Díaz S.', 'kaijum1981@gmail.com', '62469162', 'Administrativo', 'nacional', 'CRUA', 'La Arena', '2023-03-31 15:54:17'),
('6-707-1407', 'Jose Angle flores Delgado ', 'jose.flores@up.ac.pa', '62802014', 'Administrativo', 'nacional', 'CRUA', 'Chitré', '2023-04-13 18:52:06'),
('6-708-1814', 'Luis Carlos Rodriguez cedeño', 'luisazukr84@gmail.com', '67249403', 'Estudiante', 'nacional', 'CRUA', 'Chitre', '2023-05-02 13:35:34'),
('6-708-76', 'Celibeth Del Carmen Cedeño Atencio', 'cely1728@gmail.com', '6678-6125', 'Docente', 'nacional', 'CRUA', 'LA ARENA ', '2023-05-02 18:56:08'),
('6-710-1304', 'DANIEL SANTOS ORTEGA HERNANDEZ', 'ortegadaniel202@gmail.com', '67753127', 'Publico en general', 'nacional', 'MIDA', 'Las Minas', '2023-04-27 13:32:04'),
('6-710-712', 'Rosmery lineth Quintero Vega', 'rouslint10@hotmail.com', '62003782', 'Docente', 'nacional', 'CRUA', 'chitré', '2023-04-27 14:58:35'),
('6-712-1733 ', 'Alex Alexander Araúz López ', 'alex.arauz02@up.ac.pa', '65888681', 'Estudiante', 'nacional', 'Crua', 'Chitré ', '2023-05-02 13:42:46'),
('6-713-1557', 'SAMUEL MONTERREY', 'SAMUEL.MONTERREY@UP.AC.PA', '67068219', 'Administrativo', 'nacional', 'CRUA', 'LA ARENA ', '2023-04-11 15:29:01'),
('6-713-2335', 'YULISSA DE GRACIA', 'yulissa041221@gmail.com', '64255422', 'Participante', 'nacional', 'ARAP', 'CHITRÉ', '2023-04-27 12:45:03'),
('6-714-1566', 'Edwin Bladimir Vega Barria', 'vegaedwin@hotmail.com', '6659-4269', 'Participante', 'nacional', 'IPACOOP', 'Los Santos', '2023-04-27 13:34:44'),
('6-714-1810', 'Fidedigna Rosario C ', 'rosariofid@hotmail.com', '6775-6576', 'Docente', 'nacional', 'CRUA', 'Chitré', '2023-05-05 13:23:29'),
('6-714-1816', 'Carlos Iván Pérez Villalaz', 'carlos.p.1024@gmail.com', '6948-4001', 'Participante', 'nacional', 'MIDA', 'Chitré', '2023-04-27 13:13:19'),
('6-714-509', 'Arielys Anyuri Avila Perez', 'esarielys24@gmail.com', '6310-2780', 'Estudiante', 'nacional', 'CRUA', 'chitre', '2023-04-25 19:07:43'),
('6-715-1103', 'Doralis yamileth cruz barria ', 'doralyscruzy17@gmail.com', '63767895', 'Estudiante', 'nacional', 'CRUA', 'Chitré', '2023-05-02 13:37:29'),
('6-716-1408', 'FRANCISCO CORDOBA DEAGO ', 'fcdeago@gmail.com', '6909-4533', 'Docente', 'nacional', 'CRUA', 'Chitré', '2023-04-27 14:12:15'),
('6-718-571', 'María Tejada', 'mary041994@hotmail.com', '68849544', 'Docente', 'nacional', 'CRUA', 'Chitre', '2023-05-05 13:25:31'),
('6-720-1648', 'Sintia Barria', 'barriasintia8@gmail.com', '68853199', 'Estudiante', 'nacional', 'CRUA', 'Chitré', '2023-04-25 19:09:52'),
('6-720-648', 'eliza lisbeth aparicio jaramillo', 'elizaaparicio23@gmail.com', '62365553', 'Estudiante', 'nacional', 'CRUA', 'Chitre', '2023-05-05 13:10:13'),
('6-721-1485', 'Christian A. Flores G.', 'crishadler.nl04@gmail.com', '63028045', 'Administrativo', 'nacional', 'CIDETE - CRUA', 'Chitré', '2023-04-24 21:16:31'),
('6-721-1599', 'Madeleine Trejos', 'made1298@gmail.com', '66906045', 'Estudiante', 'nacional', 'CRUA', 'UNIVERSIDAD DE PANAMA CRUA ', '2023-04-13 15:05:16'),
('6-721-1767', 'rigo bosquez', 'rigo.bosquez1@gmail.com', '64619212', 'Estudiante', 'nacional', 'CRUA', 'CHITRE', '2023-05-05 12:56:58'),
('6-721-2019', 'Ryan Samaniego', 'ryansamaniego1@gmail.com', '62439571', 'Estudiante', 'nacional', 'CRUA', 'Chitré', '2023-04-25 18:38:24'),
('6-721-231', 'Yudiela Aparicio', 'yudyaparicio31@gmail.com', '62524657', 'Estudiante', 'nacional', 'CRUA', 'Pesé, Herrera', '2023-05-05 13:03:26'),
('6-721-298', 'Maritzel Carrera Flores', 'maritzelc01@gmail.com', '62795312', 'Estudiante', 'nacional', 'CRUA', 'Chitré', '2023-04-13 15:11:33'),
('6-721-933', 'Eric Trejos', 'trejos.eric18@gmail.com', '62915754', 'Estudiante', 'nacional', 'crua', 'Chitre', '2023-04-11 16:36:56'),
('6-722-118', 'Mariabell Avila M', 'mariavila141998@gmail.com', '69921522', 'Estudiante', 'nacional', 'CRUA', 'La Arena', '2023-04-13 15:01:58'),
('6-722-1363 ', 'Leyla Lorena Ramos Cuevas ', 'leyra240210@gmail.com', '63629552', 'Estudiante', 'nacional', 'Crua', 'Chitré ', '2023-04-25 19:07:20'),
('6-722-1448', 'Jinitza De León Barrera', 'jinitza15@gmail.com', '69184262', 'Estudiante', 'nacional', 'CRUA', 'La Arena', '2023-04-13 14:45:28'),
('6-722-1553', 'Kenel Alexander Samaniego Rios ', 'kenelalexander04@gmail.com', '62757200', 'Estudiante', 'nacional', 'CRUA', 'Chitré', '2023-04-17 14:45:55'),
('6-722-218', 'Elizabeth Govea', 'elizagc07@gmail.com', '64538124', 'Estudiante', 'nacional', 'CRUA', 'Pesé, Herrera', '2023-04-13 15:24:09'),
('6-722-2271', 'Juan Guerra', 'juanshi2799@gmail.com', '68107370', 'Estudiante', 'nacional', 'CRUA', 'CHITRE', '2023-04-27 14:46:02'),
('6-722-2500', 'Ramichell Barría', 'ramichell02@gmail.com', '62033262', 'Estudiante', 'nacional', 'CRUA', 'Chitre', '2023-04-13 14:41:08'),
('6-722-881', 'María Corrales', 'mariceco560@gmail.com', '63931687', 'Estudiante', 'nacional', 'CRUA', 'Chitré', '2023-04-13 14:51:36'),
('6-723-1653', 'Raychell Gálvez', 'raychellgalvez15@gmail.com', '6993-1078', 'Estudiante', 'nacional', 'CRUA', 'Chitré', '2023-04-13 15:14:28'),
('6-723-1873', 'Julissa Hernández', 'julissalisseth18@gmail.com', '63090094', 'Estudiante', 'nacional', 'CRUA', 'Chitre', '2023-04-13 15:22:17'),
('6-723-2092', 'Derkis Gloribeth Valdez Ramos', 'derkisgloribeth@gmail.com', '69136004', 'Estudiante', 'nacional', 'CRUA', 'chitre', '2023-05-02 13:30:57'),
('6-723-2114', 'Andrés Jaramillo ', 'andrescaleb24@gmail.com', '6933-8610', 'Estudiante', 'nacional', 'CRUA', 'Chitré', '2023-04-13 15:45:52'),
('6-723-2414', 'Raiza Elena Ulloa De Gracia', 'raizaulloa2@gmail.com', '63076908', 'Estudiante', 'nacional', 'CRUA', 'Chitré', '2023-04-11 16:30:55'),
('6-723-2456', 'Isaac Ramiro Castrellon Ramirez', 'isaaccastrellon7@gmail.com', '65922237', 'Estudiante', 'nacional', 'CRUA', 'La Arena', '2023-04-13 15:46:03'),
('6-723-693', 'Melissa De Vicente', 'melissadevicente0900@gmail.com', '64155630', 'Estudiante', 'nacional', 'CRUA', 'Chitré', '2023-04-13 15:20:59'),
('6-723-702', 'Astrid Gonzalez', 'astrid.gonzalez3300@gmail.com', '62557551', 'Estudiante', 'nacional', 'CRUA', 'Chitré', '2023-04-11 16:33:14'),
('6-723-725', 'barbara sanchez', 'barbara020500@gmail.com', '62564424', 'Estudiante', 'nacional', 'estudiante ', 'chitre ', '2023-04-25 13:24:32'),
('6-723-755', 'Ana Lorena Peralta Monterrey ', 'aperaltaa11@gmail.com', '6418-9092 ', 'Estudiante', 'nacional', 'CRUA', 'Pesé ', '2023-05-02 13:32:29'),
('6-724-1015', 'Justin González ', 'justingonzalez1907@gmail.com', '68593774', 'Estudiante', 'nacional', 'CRUA', 'Chitre ', '2023-05-02 13:29:39'),
('6-724-1038', 'Arlenis Del Carmen Pérez González', 'arlenisp1898@gmail.com', '69904072', 'Estudiante', 'nacional', 'CRUA', 'Chitre, La Arena ', '2023-04-13 15:01:36'),
('6-724-1050', 'Selena Padilla', 'selenapadilla0815@gmail.com', '67783755', 'Estudiante', 'nacional', 'CRUA', 'LA ARENA ', '2023-04-11 16:40:00'),
('6-724-1160', 'Ana Pinilla', 'anavpm27@gmail.com', '64916761', 'Estudiante', 'nacional', 'CRUA', 'LA ARENA ', '2023-04-11 16:30:21'),
('6-724-1163', 'José Carlos Campos Crespo', 'camposcrespoj@gmail.com', '69214375', 'Estudiante', 'nacional', 'CRUA', 'los pozos', '2023-05-02 13:31:55'),
('6-724-1173', 'Jose Castillo', 'joseteatro543@gmail.com', '6786-3674', 'Estudiante', 'nacional', 'CRUA', 'Chitré ', '2023-05-02 13:33:41'),
('6-724-1261', 'Marina Araúz Correa', 'marynacorrea3108@gmail.com', '66967051', 'Estudiante', 'nacional', 'CRUA', 'Chitré', '2023-04-25 19:06:29'),
('6-724-1492', 'Marieth Ríos ', 'mariethrios20@gmail.com', '60913155', 'Estudiante', 'nacional', 'CRUA', 'Chitré ', '2023-05-02 13:32:32'),
('6-724-1496', 'Brian Antonio Villarreal Rodriguez', 'josesejin7@gmail.com', '65487341', 'Estudiante', 'nacional', 'CRUA', 'Chitré', '2023-05-05 13:02:08'),
('6-724-1559', 'Yasibel Yaned Murillo Batista ', 'yasibel1331@gmail.com', '67406181', 'Estudiante', 'nacional', 'Crua', 'Chitré ', '2023-05-02 13:33:56'),
('6-724-1578', 'Nathali Gómez', 'nathaligomez352@gmail.com', '6608-3227', 'Estudiante', 'nacional', 'CRUA', 'Chitré', '2023-05-02 13:31:52'),
('6-724-1580', 'Edith Duran', 'editharleth1023@gmail.com', '68499808', 'Estudiante', 'nacional', 'CRUA', 'Chitre', '2023-05-02 15:33:48'),
('6-724-1613', 'Kevin Edgardo Rivera González ', 'Kevingenzalezz21@gmail.com', '69563613', 'Estudiante', 'nacional', 'CRUA', 'Chitré', '2023-04-13 15:14:55'),
('6-724-1830', 'Ibeth Maria Murillo Cuevas', 'ibethmaria2711@gmail.com', '6859-6132', 'Estudiante', 'nacional', 'CRUA', 'Chitre', '2023-04-25 18:39:45'),
('6-724-1850', 'Emerson Ronaldo Vega Villalaz', 'emersonvega0713@gmail.com', '6286-6561', 'Estudiante', 'nacional', 'CRUA', 'Chitre', '2023-04-11 16:33:10'),
('6-724-188', 'Francisco Aparicio', 'franciscoaparicioatencio28@gmail.com', '69475662', 'Estudiante', 'nacional', 'CRUA', 'Chitré', '2023-04-17 14:46:31'),
('6-724-1922', 'Isabella Victoria Tejedor Cedeño', 'isavtc1602@gmail.com', '62488629', 'Estudiante', 'nacional', 'CRUA', 'Chitré', '2023-04-13 15:28:46'),
('6-724-2047', 'María Luisa González Villarrral', 'marialuisagonzalezvillarreal05@gmail.com', '62842471', 'Estudiante', 'nacional', 'CRUA', 'Chitré', '2023-04-25 19:08:56'),
('6-724-2108', 'Carlenis Maribel Poveda Mendoza', 'carlenis19poveda01@gmail.com', '62577889', 'Estudiante', 'nacional', 'CRUA', 'Chitré', '2023-05-02 13:43:06'),
('6-724-2170', 'Carlos Díaz', 'carlosdiaz2149@gmail.com', '67671059', 'Estudiante', 'nacional', 'CRUA', 'Chitre', '2023-04-11 16:38:42'),
('6-724-2217', 'Aylenn Ortiz', 'gariam2815@gmail.com', '65257111', 'Estudiante', 'nacional', 'CRUA', 'Chitré', '2023-04-13 15:25:46'),
('6-724-2403', 'Jose David Rodríguez Peña', 'joserodriguezp.micro0116@gmail.com', '69395528', 'Estudiante', 'nacional', 'CRUA', 'UNIVERSIDAD DE PANAMA CRUA ', '2023-04-13 14:55:54'),
('6-724-273', 'Jose manuel ponce de los rios ', 'poncejosemanuel30@gmail.com', '65332468', 'Estudiante', 'nacional', 'Crua ', 'Chitre, Crua ', '2023-05-02 13:41:40'),
('6-724-281', 'Lidia Villarreal', 'Villarreallidia7889@gmail.com', '62319470', 'Estudiante', 'nacional', 'CRUA', 'Chitre', '2023-05-02 13:40:43'),
('6-724-371', 'Katherine Lineth Pinto Barria ', 'katherinepinto2604@gmail.com', '67322517', 'Estudiante', 'nacional', 'Crua', 'Chitré ', '2023-05-02 13:29:43'),
('6-724-473', 'George Cortez', 'georgecortezdh07@gmail.com', '63897243', 'Estudiante', 'nacional', 'CRUA', 'Chitré', '2023-04-11 16:43:24'),
('6-724-702', 'Juan Abel Gonzalez Real ', 'juanabel0806@gmail.com', '62189633', 'Estudiante', 'nacional', 'CRUA', 'CHITRE', '2023-05-02 15:33:45'),
('6-724-731', 'Nayelis Yarineth Rodriguez Gonzalez ', 'rodrigueznayelis008q@gmail.com', '62876355', 'Estudiante', 'nacional', 'CRUA', 'chitre', '2023-05-02 13:33:01'),
('6-724-803', 'Stefany Nicole Pinzon Quintero ', 'stefanypinzon1661@gmail.com', '68936057', 'Estudiante', 'nacional', 'CRUA', 'Chitre', '2023-04-25 13:20:51'),
('6-725-0067', 'Yarkelys Calderón M.', 'calderonmyarkelys@gmail.com', '6874-4694', 'Estudiante', 'nacional', 'CRUA', 'Chitré', '2023-04-13 15:19:19'),
('6-725-1037', 'Synerev Moaddeb', 'smoaddeb02@gmail.com', '63349139', 'Estudiante', 'nacional', 'CRUA', 'Chitre', '2023-04-25 19:07:43'),
('6-725-1077', 'David Daniel Villarreal Cedeño', 'davidvillarreal211@gmail.com', '67345191', 'Estudiante', 'nacional', 'CRUA', 'Chitré', '2023-05-02 13:33:21'),
('6-725-1088', 'Orich', 'murilloorich@gmail.com', '64950114', 'Estudiante', 'nacional', 'CRUA', 'CRUA,chitre', '2023-05-02 13:41:32'),
('6-725-1112', 'Keilyn Peralta', 'keilyn.peralta20@gmail.com', '69116563', 'Estudiante', 'nacional', 'CRUA', 'Chitre', '2023-04-11 16:42:44'),
('6-725-1160', 'kevin mendoza ', 'kevinmendoza2015.km@gmail.com', '64889875', 'Estudiante', 'nacional', 'CRUA', 'pese', '2023-04-27 15:08:20'),
('6-725-1184', 'Joseline Mayrena De Gracia Gutiérrez', 'joselinedegracia75@gmail.com', '65980980', 'Estudiante', 'nacional', 'CRUA', 'Chitré', '2023-05-02 13:29:05'),
('6-725-1220', 'Nathalie Nazareth Saavedra Díaz ', 'nsaavedradiaz1@gmail.com', '64476279', 'Estudiante', 'nacional', 'CRUA ', 'Chitré', '2023-05-02 13:41:24'),
('6-725-1269', 'Lorena Acosta ', 'lorenamassiel0617@gmail.com', '68622173', 'Estudiante', 'nacional', 'CRUA', 'pese', '2023-04-13 14:50:04'),
('6-725-1312', 'Yuleysis Maydeth García Camargo', 'garciayuleysis@gmail.com', '61665476', 'Estudiante', 'nacional', 'CRUA', 'Chitré', '2023-04-27 14:53:40'),
('6-725-1315', 'Valerie Pérez ', 'valerieperez.1012@gmail.com', '62553338', 'Estudiante', 'nacional', 'crua', 'Chitré', '2023-04-11 16:40:18'),
('6-725-1430', 'Mariel María Aparicio Villarreal', 'apariciomariel0202@gmail.com', '66679464', 'Estudiante', 'nacional', 'CRUA', 'Chitré ', '2023-05-02 13:42:39'),
('6-725-1459', 'Maryosli Sandoval', 'maryosli1900sandoval@gmail.com', '63203686', 'Estudiante', 'nacional', 'CRUA', 'UNIVERSIDAD DE PANAMA CRUA ', '2023-04-13 15:03:36'),
('6-725-1475', 'Yohanna Mabel Higuera Higuera', 'yohanahiguera03h@gmail.com', '63964087', 'Estudiante', 'nacional', 'CRUA', 'Chitré ', '2023-05-02 13:42:27'),
('6-725-1632', 'Emiliet Trejos', 'emiliettrejos3018@gmail.com', '6987-3377', 'Estudiante', 'nacional', 'CRUA', 'Chitré ', '2023-05-02 13:40:52'),
('6-725-1641', 'Rosa Rodríguez ', 'rosar04rodriguez@gmail.com', '6231-9582', 'Estudiante', 'nacional', 'CRUA ', 'Chitre', '2023-05-02 13:41:16'),
('6-725-1652', 'Maxibell Carolina Murillo Villarreal ', 'maxibellcmv02@gmail.com', '6522-5372', 'Estudiante', 'nacional', 'CRUA', 'Los Santos', '2023-05-05 13:04:42'),
('6-725-1732', 'Emiliet Trejos ', 'emiliettrejos3018@gmail.com', '69873377', 'Estudiante', 'nacional', 'CRUA', 'Chitré ', '2023-05-02 13:43:28'),
('6-725-1848', 'Hillary Adara Moreno Frias ', 'hillarymoreno205@gmail.com', '68672632', 'Estudiante', 'nacional', 'CRUA', 'Chitré', '2023-05-02 13:34:41'),
('6-725-1869', 'Marlenis Barría ', 'marlenisb95@gmail.com', '69941242', 'Estudiante', 'nacional', 'CRUA', 'Chitré', '2023-04-13 15:09:42'),
('6-725-2026', 'Melanny Iturralde ', 'iturraldemelanny@gmail.com', '66067544', 'Estudiante', 'nacional', 'CRUA', 'Chitre ', '2023-05-02 18:47:27'),
('6-725-2064', 'Kevin Noriega ', 'kevinnoriegam2@gmail.com', '64339469', 'Estudiante', 'nacional', 'CRUA', 'Chitré ', '2023-05-02 13:41:13'),
('6-725-2082', 'Fabio Villarreal ', 'fabiovillarreal2@gmail.com', '68022078 ', 'Estudiante', 'nacional', 'CRUA', 'Chitré ', '2023-05-02 18:47:31'),
('6-725-2083', 'Rosalina Moreno', 'rosalinarm1991@gmail.com', '63420807', 'Estudiante', 'nacional', 'CRUA', 'chitre', '2023-05-02 18:45:50'),
('6-725-2216', 'Karolyn Osorio', 'osoriokarolyn9@gmail.com', '62143641', 'Estudiante', 'nacional', 'Crua', 'Crua', '2023-04-25 19:09:23'),
('6-725-2243', 'Silenis Bonilla', 'silenisbonillacastillo@gmail.com', '63748701', 'Estudiante', 'nacional', 'CRUA', 'Chitré', '2023-04-27 14:50:44'),
('6-725-2268', 'Melanie Arianna Barba Campos', 'melaniebarba110403@gmail.com', '6861-4621', 'Estudiante', 'nacional', 'CRUA', 'UNIVERSIDAD DE PANAMA CRUA ', '2023-04-25 13:20:16'),
('6-725-2281', 'Maira Marisshell Saldaña Arcia ', 'maimar.salarc27@gmail.com', '68538929', 'Estudiante', 'nacional', 'CRUA', 'Chitre', '2023-04-25 19:09:03'),
('6-725-2297', 'Ronald Rodríguez ', 'ronalrodriguez182219@gmail.com', '6794-0019', 'Estudiante', 'nacional', 'CRUA', 'Monagrillo ', '2023-05-02 18:48:27'),
('6-725-2327', 'Alexis Bermúdez ', 'bermudezalexis017@gmail.com', '62796898', 'Estudiante', 'nacional', 'CRUA', 'Chitré ', '2023-04-25 19:07:26'),
('6-725-2328', 'Nidia García', 'mricel0715g@gmal.com', '64146160', 'Estudiante', 'nacional', 'CRUA', 'CHITRE', '2023-04-27 14:47:49'),
('6-725-2394', 'Stefany Yaneth Hernández Peralta', 'hernandezstefany893@gmail.com', '67654508', 'Estudiante', 'nacional', 'CRUA', 'Chitré', '2023-04-27 14:49:10'),
('6-725-2398', 'Delia Maria Rodriguez Barrera ', 'deliarodriguez847@gmail.com', '65486970', 'Estudiante', 'nacional', 'CRUA', 'Chitré', '2023-04-27 14:51:53'),
('6-725-255', 'Arielis Solis', 'arielissolis1661@gmail.com', '65355264', 'Estudiante', 'nacional', 'CRUA', 'Chitré', '2023-05-02 13:41:34'),
('6-725-3', 'Angie Gelsisbeth Bonilla Pimentel', 'angiegbp01@gmail.com', '64715885', 'Estudiante', 'nacional', 'CRUA', 'CHITRE', '2023-05-05 13:00:31'),
('6-725-37', 'Nicole Rodríguez ', 'nicole.rodriguezp12@gmail.com', '6549-7874 ', 'Estudiante', 'nacional', 'Crua', 'Chitré', '2023-05-02 13:41:14'),
('6-725-406', 'Michael Yoel Domínguez ', 'maikoldomin22@gmail.com', '67561271', 'Estudiante', 'nacional', 'CRUA', 'Chitre ', '2023-05-02 18:48:18'),
('6-725-551', 'Sugeidys Maitiel Flores Garcia ', 'sugeidys.flores11@gmail.com', '66343751', 'Estudiante', 'nacional', 'CRUA', 'Chitre, La Arena ', '2023-04-13 15:28:27'),
('6-725-725', 'Víviam Vargas', 'vivianvargas1802@gmail.com', '69108848', 'Estudiante', 'nacional', 'CRUA', 'Chitre', '2023-04-11 16:44:11'),
('6-725-826', 'Karis Villalaz', 'karisvillalaz@gmail.com', '63335799', 'Estudiante', 'nacional', 'CRUA', 'Chitre', '2023-04-11 16:41:23'),
('6-725-880', 'silenys sandoval', 'silenyssandoval@gmail.com', '63106586', 'Estudiante', 'nacional', 'CRUA', 'Chitré', '2023-05-02 18:44:57'),
('6-725-934', 'Astrid Shenoa Vigil P', 'Shenovigil@gmail.com', '64030459', 'Estudiante', 'nacional', 'CRUA', 'Chitré', '2023-05-02 15:34:06'),
('6-725-996', 'Marielis Margarita Bazán Bellido ', 'marielismargarita2910@gmail.com', '6430-2972', 'Estudiante', 'nacional', 'C.R.U.A', 'Chitré ', '2023-05-02 13:29:58'),
('6-726-1030', 'madelenne judith gobea cedeño', 'gobeamadelenne531@gmail.com', '64683073', 'Estudiante', 'nacional', 'CRUA', 'UNIVERSIDAD DE PANAMA CRUA ', '2023-04-25 13:21:51'),
('6-726-1037', 'Miyoris Chaney Naters Hernández', 'miyorisnaters@gmail.com', '64579292', 'Estudiante', 'nacional', 'CRUA', 'Los Santos', '2023-05-02 13:46:02'),
('6-726-1073', 'Anyuri Masiel Muñoz Sánchez ', 'anyuri08munoz@gmail.com', '6623-0726', 'Estudiante', 'nacional', 'CRUA', 'Chitre ', '2023-05-02 18:49:57'),
('6-726-1214', 'librada nuñez', 'libradanun@gmail.com', '64377875', 'Estudiante', 'nacional', 'CRUA', 'Chitré', '2023-05-02 18:50:37'),
('6-726-1241', 'Ariagne Alfonso ', 'solissaday@gmail.com', '66401957', 'Estudiante', 'nacional', 'CRUA', 'Chitré', '2023-04-25 19:08:02'),
('6-726-1272', 'Victor Almanza', 'almanzavictor1325@gmail.com', '69551382', 'Estudiante', 'nacional', 'CRUA', 'Monagrillo', '2023-04-27 15:07:24'),
('6-726-1349', 'Ana Flores', 'fana8891@gmail.com', '66748703', 'Estudiante', 'nacional', 'CRUA', 'CHITRE', '2023-04-27 14:52:44'),
('6-726-1435', 'Paola Marciaga', 'paolamarciaga6@gmail.com', '68281294', 'Estudiante', 'nacional', 'CRUA', 'Chitré ', '2023-05-02 18:46:29'),
('6-726-228', 'Viviana Mendoza', 'vivianamaithe531@gmail.com', '68807311', 'Estudiante', 'nacional', 'CRUA', 'Chitre', '2023-04-27 14:54:11'),
('6-726-251', 'Ashley Mencomo', 'ashmencomo20@gmail.com', '68581360', 'Estudiante', 'nacional', 'CRUA', 'Chitré', '2023-04-17 18:16:09'),
('6-726-29', 'Guadalupe Arauz', 'guadalupearauz11@gmail.com', '65743695', 'Estudiante', 'nacional', 'CRUA', 'Parita', '2023-05-02 18:46:21'),
('6-726-300', 'Ruth Esther Mendoza Franco ', 'mruth7966@gmail.com', '63483596', 'Estudiante', 'nacional', 'CRUA', 'Chitre', '2023-04-25 13:23:46'),
('6-726-366', 'Karina Vásquez ', 'vasquezkari471@gmail.com', '66168199', 'Estudiante', 'nacional', 'CRUA', 'Chitré', '2023-04-25 19:13:09'),
('6-726-430', 'Niurka Judith Rodriguez Jimenez', 'niurkar472@gmail.com', '63889671', 'Estudiante', 'nacional', 'CRUA', 'UNIVERSIDAD DE PANAMA CRUA ', '2023-04-25 13:23:00'),
('6-726-457', 'Juan Damian Montenegro Aparicio ', 'damianjuanm4@gmail.com', '63385540', 'Estudiante', 'nacional', 'CRUA', 'Chitré', '2023-04-27 14:56:08'),
('6-726-520', 'Meredyth Barria ', 'barriameredyth@gmail.com', '67236378', 'Estudiante', 'nacional', 'CRUA', 'Los Santos ', '2023-05-02 18:45:59'),
('6-726-669', 'Sthefany Alejandra Hernandez Cedeño', 'hsthefany653@gmail.com', '61618634', 'Estudiante', 'nacional', 'CRUA', 'Chitre', '2023-04-25 13:22:12'),
('6-726-81', 'anayansi moreno', 'anayansi24estudiante@gmail.com', '6405-8282', 'Estudiante', 'nacional', 'CRUA', 'Chitré', '2023-05-05 13:05:07'),
('6-726-936', 'Didier Ivan Ortiz Castañeda', 'dierzitro25@gmail.com', '6878 4820', 'Estudiante', 'nacional', 'CRUA', 'Chitré', '2023-05-02 15:34:04'),
('6-727-1468', 'Nayelis Pérez ', 'nayelisperez0703@gmail.com', '64930859', 'Estudiante', 'nacional', 'CRUA', 'Chitre', '2023-04-25 13:26:43'),
('6-727-668', 'Katia Barría', 'katiabarria2004@gmail.com', '67701858', 'Estudiante', 'nacional', 'CRUA', 'Chitré', '2023-04-17 18:05:28'),
('6-728-2057', 'Isaac Antonio Burgos Marciaga', 'burgos08isaac@gmail.com', '6300-6866', 'Estudiante', 'nacional', 'Algorithmics', 'Chitre', '2023-04-12 21:09:54'),
('6-728-749', 'Fátima Serrano', 'fatimaserranom04@gmail.com', '67150373', 'Estudiante', 'nacional', 'CRUA', 'Chitré', '2023-04-27 14:55:55'),
('6-731-992', 'Juan Marco Olaya', 'juanmarcolayag@gmail.com', '6223-5980', 'Estudiante', 'nacional', 'Algorithmics', 'Chitré', '2023-04-12 21:05:07'),
('6-732-1639', 'Mia Melina Alvarado', 'arysmelisa@hotmail.com', '66146957', 'Estudiante', 'nacional', 'Algortihmics', 'Chitre', '2023-04-11 21:04:09'),
('6-732-940', 'Amelia Anais Flores Barria', 'floresbamelia@gmail.com', '66146957', 'Estudiante', 'nacional', 'Algortihmics', 'Chitre', '2023-04-11 21:05:46'),
('6-733-2190', 'ivana madrid navarro', 'ivanamadrid25@gmail.com', '67094739', 'Estudiante', 'nacional', 'Algorithmics', 'Chitré', '2023-04-18 20:59:01'),
('6-733-437', 'Peggy Victoria Tello Lee', 'kati.lee2722@gmail.com', '64437136', 'Estudiante', 'nacional', 'algorithmics', 'Chitre', '2023-05-02 21:03:12'),
('6-735-1116', 'Emilie Marie Sanchez Palacios', 'jackelineperez203@gmail.com', '64100887', 'Estudiante', 'nacional', 'Algorithmics', 'La Arena', '2023-04-11 21:00:26'),
('6-736-763', 'Felipe Arizaga', 'farizagape@gmail.com', '62758066', 'Estudiante', 'nacional', 'algorithmics', 'Chitre', '2023-04-25 22:12:52'),
('6-736-807', 'Ariha Araúz', 'sheenashcks@gmail.com', '6576-2312', 'Estudiante', 'nacional', 'Algorithmics', 'LA ARENA ', '2023-04-11 21:03:01'),
('6-79-9', 'IVIA DINORAH CARRILLO VILLARREAL', 'iviacarrillo@yahoo.com', '69834243', 'Publico en general', 'nacional', 'MIDA', 'La Arena', '2023-04-27 13:24:29'),
('6-82-964', 'Erick Federico Baule Roca', 'federicobr1974@gmail.com', '65312025', 'Estudiante', 'nacional', 'MIDA', 'Chitre', '2023-04-27 13:01:03'),
('6-85-940', 'Vielka Ávila de Martínez', 'vielk22@gmail.com', '68284257', 'Docente', 'nacional', 'CIDETE CRUA Y LA UNIVERSIDAD DE PÁNAMÁ', 'UNIVERSIDAD DE PANAMA CRUA ', '2023-04-25 13:27:43'),
('6-88-855', 'Maritza Sing', 'maritza1123sing@gmail.com', '65295594', 'Docente', 'nacional', 'Crua ', 'Chitré ', '2023-04-25 19:08:18'),
('6/710/1926', 'CARLOS BUSTAVINO', 'cabustavino23@gmail.com', '62434513', 'Publico en general', 'nacional', 'MIDA', 'Chitre', '2023-04-27 13:31:48'),
('6/722/2100', 'Anthony Marciaga', 'thonymarc12@gmail.com', '6688/2420', 'Estudiante', 'nacional', 'CRUA', 'Chitré', '2023-04-13 15:18:39'),
('6/723/1100', 'Isabel Michelle Calderon ', 'isamichelle28@gmail.com', '62938355', 'Estudiante', 'nacional', 'CRUA', 'Llano bonito', '2023-05-02 13:28:30'),
('6/723/277', 'yahelys perez ', 'libertadyahe@hotmail.com', '67700395', 'Estudiante', 'nacional', 'CRUA', 'Chitre', '2023-04-27 14:50:41'),
('6/724/1203', 'Jose Bladimir Mendoza Pinto ', 'mendozajose0916@gmail.com', '63381082', 'Estudiante', 'nacional', 'CRUA', 'La Arena ', '2023-05-02 13:36:27'),
('6/724/1408', 'julio cesar mora quintero', 'julio1900mora@gmail.com', '68252547', 'Estudiante', 'nacional', 'CRUA', 'Los santos', '2023-04-13 15:21:37'),
('6/724/1931', 'Orlando Jair Quintero Bazan', 'orlando.wilzon@gmail.com', '62772824', 'Estudiante', 'nacional', 'CRUA', 'Chitré', '2023-04-13 14:57:12'),
('6/724/2025', 'ashley saez', 'ashleysibel0440@gmail.com', '61659436', 'Estudiante', 'nacional', 'Crua', 'Chitre', '2023-04-25 13:21:28'),
('6/725/1078', 'Erika Gutierrez', 'erikalug937@gmail.com', '69146379', 'Estudiante', 'nacional', 'CRUA', 'Monagrillo', '2023-04-25 13:26:51'),
('6/725/1089', 'Nadia Thais Ramirez Vega', 'naditram0@gmail.com', '61291849', 'Estudiante', 'nacional', 'CRUA', 'Las Minas', '2023-04-13 14:48:46'),
('6/725/1406', 'Josselin Massiel Castro Saez', 'josselinmasssielcastro@gmail.com', '63252183', 'Estudiante', 'nacional', 'CRUA', 'Los Santos', '2023-04-13 14:47:09'),
('6/725/2041', 'yamileth del carmen florez gonzalez ', 'yami19delc@gmail.com', '67852371', 'Estudiante', 'nacional', 'CRUA', 'Chitre', '2023-04-27 14:55:18'),
('6/725/2271', 'madeline giselle calderon gonzales', 'madec5657@gmail.com', '67853109', 'Estudiante', 'nacional', 'CRUA', 'La arena', '2023-05-02 13:32:04'),
('6/725/45', 'Danna Gisselle Sanchez Rodriguez', 'dannasanchez@gmail.com', '67245631', 'Estudiante', 'nacional', 'CRUA', 'Chitre', '2023-04-13 15:04:30'),
('6/726/2455', 'Sugeydis Paola Cruz De Gracia', 'sugeydiscruz18@gmail.com', '63488664', 'Estudiante', 'nacional', 'CRUA', 'Chitre', '2023-04-25 13:24:27'),
('658685', 'Daniel Ramos', 'daramos@gmail.com', '66934151', 'Participante', 'nacional', 'MIDA', 'Los Pozos', '2023-04-27 14:49:06'),
('7-106-254', 'Noris del Carmen Villarreal', 'carmen.45116@hotmail.com', '6878-0904', 'Participante', 'nacional', 'MIDA', 'mida de chitre', '2023-04-27 13:32:42'),
('7-107-1003', 'María Luz Melgar', 'mmelgar@gmail.com', '67855813', 'Publico en general', 'nacional', 'Contraloría General', 'Chitré', '2023-04-17 19:41:15'),
('7-17-1858', 'Romeo Rubier Rivera Ruiz', 'romeo0705rivera@gmail.com', '66514212', 'Estudiante', 'nacional', 'Algorithmics', 'Los Santos', '2023-04-13 21:10:48'),
('7-703-1962', 'Irvin yoel mendoza vasquez', 'irvin.men23@gmail.com', '6991-7207', 'Estudiante', 'nacional', 'crua', 'Los santos', '2023-04-11 16:38:30'),
('7-704-377', 'jennifer gonzalez', 'enf830@gmail.com', '60600311', 'Docente', 'nacional', 'CRUA', 'Chitré', '2023-05-05 13:17:04'),
('7-707-1878', 'Kenider Abdiel Carvajal Carvajal', 'kacc715@gmail.com', '66022553', 'Estudiante', 'nacional', 'CRUA', 'Los Santos', '2023-04-27 13:08:41'),
('7-707-2039', 'Rafael Antonio Romero', 'rafael02romero91@gmail.com', '66381179', 'Estudiante', 'nacional', 'CRUA', 'Los Santos', '2023-04-27 14:44:29'),
('7-708-2022', 'Gissele Chacón', 'giselchacon19@gmail.com', '63758125', 'Estudiante', 'nacional', 'CRUA', 'Los Santos', '2023-04-27 14:52:08'),
('7-708-2402', 'yamilkar ortiz', 'vergarayamilkar@gmail.com', '68831485', 'Estudiante', 'nacional', 'CRUA', 'Los  Santos', '2023-05-02 18:47:56'),
('7-710-783', 'Katherine Vergara', 'katherinemv0604@gmail.com', '68167467', 'Estudiante', 'nacional', 'CRUA', 'Chitré', '2023-04-17 14:44:00'),
('7-711-2002', 'aurelio yohel cardenas cordoba', 'aureliocardenas61@gmail.com', '65761051', 'Estudiante', 'nacional', 'crua', 'chitre', '2023-05-05 13:08:47'),
('7-711-2097', 'Victoria Librada Medina Escala', 'vlmedina1698@gmail.com', '64648337', 'Estudiante', 'nacional', 'CRUA', 'Los Santos', '2023-04-13 15:23:49'),
('7-711-21250', 'Esperanza Maitee Rodríguez Cárdenas', 'rodriguezmaite896@gmail.com', '65364745', 'Estudiante', 'nacional', 'CRUA', 'Los Santos', '2023-04-13 14:43:47'),
('7-712-1035', 'Luz Briseida Castro', 'luzcastro1418@gmail.com', '67035093', 'Estudiante', 'nacional', 'CRUA', 'Chitré', '2023-05-02 18:48:35'),
('7-712-1270', 'Ana Isabel Vergara', 'vergaraa924@gmail.com', '66092907', 'Estudiante', 'nacional', 'CRUA', 'Las Tablas', '2023-04-13 14:37:50'),
('7-712-1508', 'Katherine Ramos', 'katherineramos784@gmail.com', '66483638', 'Estudiante', 'nacional', 'CRUA', 'Los Santos', '2023-04-13 14:35:02'),
('7-712-1836', 'Marina Vargas', 'vargasm0407@gmail.com', '67006526', 'Estudiante', 'nacional', 'CRUA', 'Los Santos', '2023-04-13 14:03:22'),
('7-712-1907', 'OBDULIA ABREGO', 'yuyi14jimenez21@gmail.com', '62306052', 'Estudiante', 'nacional', 'CRUA', 'Guararé', '2023-05-05 13:00:51'),
('7-712-1918', 'Erika Vega', 'erikavega25071@gmail.com', '69073571', 'Estudiante', 'nacional', 'CRUA', 'Las Tablas', '2023-04-17 15:17:54'),
('7-712-2094', 'Yaribeth del Carmen Sáez Pérez', 'marquelda1303@gmail.com', '65045381', 'Estudiante', 'nacional', 'CRUA', 'UNIVERSIDAD DE PANAMA CRUA ', '2023-04-13 15:06:47'),
('7-712-2324', 'María García', 'maryangelgr30@gmail.com', '68321039', 'Estudiante', 'nacional', 'CRUA', 'Los Santos', '2023-04-17 15:18:34'),
('7-712-403', 'Carlos Moreno', 'carlosj22.cjmr@gmail.com', '67744420', 'Estudiante', 'nacional', 'CRUA', 'Los Santos', '2023-04-14 17:14:20'),
('7-712-448', 'Orlanda Elizabeth De Gracia Cedeño', 'orlanda-elizabeth@hotmail.com', '66465730', 'Estudiante', 'nacional', 'CRUA', 'Guararé', '2023-04-13 14:05:09'),
('7-713-1121', 'Astrid Yisel González Peralta ', 'astridyiselg@gmail.com', '63956889', 'Estudiante', 'nacional', 'CRUA', 'Chitré', '2023-05-02 18:47:49'),
('7-713-1322', 'Juan Daniel De León Cedeño', 'deleonjuan007@gmail.com', '67619134', 'Estudiante', 'nacional', 'CRUA', 'Chitre', '2023-04-13 14:57:59'),
('7-713-1351', 'Milagros Pérez', 'pmilagros891@gmail.com', '62879882', 'Estudiante', 'nacional', 'CIDETE CRUA Y LA UNIVERSIDAD DE PÁNAMÁ', 'Macaracas', '2023-04-13 14:53:20'),
('7-713-1430', 'Nadia Gómez', 'nadiaagv091881@gmail.com', '68983104', 'Estudiante', 'nacional', 'CRUA', 'Los Santos', '2023-04-13 14:47:46'),
('7-713-1450', 'Franklin Dominguez', 'franklindf1704@gmail.com', '6483-9480', 'Estudiante', 'nacional', 'CRUA', 'Chitre', '2023-04-13 15:11:18'),
('7-713-1485', 'Rigoberto Caballero ', 'caballerorigoberto34@gmail.com', '67344336', 'Estudiante', 'nacional', 'CRUA', 'Chitre', '2023-05-02 13:44:12'),
('7-713-1503', 'Librada Nayelis Morcillo Mela ', 'libradamorcillo1304@gmail.com', '69670197', 'Estudiante', 'nacional', 'CRUA', 'Guararé', '2023-05-05 12:58:40'),
('7-713-1594', 'Nuvia Novalee Gonzalez Hernandez', 'nuvgonzalez20@gmail.com', '67069321', 'Estudiante', 'nacional', 'CRUA', 'Las Tablas', '2023-05-05 13:07:00'),
('7-713-1596', 'Fatima Eduviges Garcia Montero ', 'fatygarcia.0404@gmail.com', '69398607', 'Estudiante', 'nacional', 'CRUA', 'Chitré', '2023-05-05 13:09:33'),
('7-713-1627', 'Natalia Yulissa Cedeño Pérez', 'nataliacedeno18@gmail.com', '67088956', 'Estudiante', 'nacional', 'CRUA', 'Los Santos', '2023-05-05 13:01:03'),
('7-713-170', 'norielis', 'norielys0404@gmail.com', '65277923', 'Estudiante', 'nacional', 'CRUA', 'Los Santos', '2023-04-11 16:45:10'),
('7-713-1883', 'Larizel Frias', 'larizel1550@gmail.com', '68239040', 'Estudiante', 'nacional', 'CRUA', 'Los santos', '2023-04-11 16:41:55'),
('7-713-1909', 'María Escalona', 'escalonam966@gmail.com', '63038324', 'Estudiante', 'nacional', 'CRUA', 'Los Santos', '2023-04-25 19:24:54'),
('7-713-2081', 'Ana María Concepción', 'ballesterosana14@gmail.com', '66838029', 'Estudiante', 'nacional', 'CRUA', 'Chitre', '2023-05-05 13:06:43'),
('7-713-2084', 'Yaimar Vargas ', 'yaimarvargas0611@gmail.com', '66471482', 'Estudiante', 'nacional', 'CRUA', 'CRUA', '2023-05-02 13:40:34'),
('7-713-2182', 'Leidys Frias Castillo', 'leydisf02@gmail.com', '63389517', 'Estudiante', 'nacional', 'CRUA', 'UNIVERSIDAD DE PANAMA CRUA ', '2023-04-13 15:09:28'),
('7-713-2446', 'Diana Cortes', 'dianicortes81@gmail.com', '66930419', 'Estudiante', 'nacional', 'CRUA', 'Los  Santos', '2023-05-05 13:05:53'),
('7-713-333', 'Mayelis Michel Carvajal Carvajal', 'mayeliscarvajal42@gmail.com', '62932995', 'Estudiante', 'nacional', 'CRUA', 'Chitré', '2023-04-11 16:46:03'),
('7-713-392', 'Gretchell Regalado', 'gretchellnahomy@gmail.com', '69764802', 'Estudiante', 'nacional', 'CRUA', 'Los Santos', '2023-04-13 15:18:00'),
('7-713-445', 'Carlina Castro', 'carlinacastro29@gmail.com', '69176624', 'Estudiante', 'nacional', 'CRUA', 'Los Santos', '2023-04-17 15:17:01'),
('7-713-505', 'Alizon Nodier Igualada Ulloa ', 'igualadaalizon95@gmail.com', '6163-3611', 'Estudiante', 'nacional', 'CRUA', 'Chitré', '2023-05-02 13:40:37'),
('7-7132355', 'Elieth Cortés', 'eliethcortes23@gmail.com', '69366830', 'Estudiante', 'nacional', 'CRUA', 'Chitré', '2023-05-02 18:46:29'),
('7-714-1237', 'Alsy Gabriela cárdenas González ', 'cardenasalsy.2603@gmail.com', '6665-7587', 'Estudiante', 'nacional', 'CRUA ', 'Los Santos ', '2023-05-02 18:48:49'),
('7-714-1250', 'Carolin Yisel Banda Vega', 'carolin.banda@up.ac.pa', '65589220', 'Estudiante', 'nacional', 'CRUA', 'Los  Santos', '2023-05-02 18:52:32'),
('7-714-148', 'María Solís ', 'solismmariag@gmail.con', '62799815', 'Estudiante', 'nacional', 'CRUA', 'Los Santos ', '2023-05-02 13:41:08'),
('7-714-226', 'Geovany Xavier Garcia', 'xaviaran2002@gmail.com', '68652855', 'Estudiante', 'nacional', 'CRUA', 'Chitre', '2023-04-25 19:25:23'),
('7-714-302', 'Eduardo Torres ', 'et1419112@gmail.com', '63771628', 'Estudiante', 'nacional', 'CRUA ', 'Chitre', '2023-05-02 13:41:43'),
('7-714-33', 'Jesus Marcpierre Ulloa Devuyst', 'marcpierre696@GMAIL.COM', '67260623', 'Estudiante', 'nacional', 'CRUA', 'Chitre', '2023-04-27 14:45:40'),
('7-714-393', 'jeimy dominguez ', 'jeimylis1031@gmail.com', '65981402', 'Estudiante', 'nacional', 'estuadinate ', 'los santos ', '2023-04-25 13:26:16'),
('7-714-665', 'Emanuel González', 'eg428874@gmail.com', '63340136', 'Estudiante', 'nacional', 'CRUA', 'Chitré', '2023-05-02 18:49:53'),
('7-714-671', 'Shachiarys Marin', 'svargas2567@gmail.com', '67612675', 'Estudiante', 'nacional', 'CRUA', 'Chitré', '2023-04-27 14:48:38'),
('7-714-925', 'Yaragnis Reyes ', 'yaragnisreyes0@gmail.com', '68057498', 'Estudiante', 'nacional', 'CRUA', 'Chitré', '2023-04-29 13:03:46'),
('7-715-2078', 'Marco Antonio Serna Navarro', 'marcoantoniosernava@gmail.com', '67650467', 'Estudiante', 'nacional', 'Algorithmics', 'Los Santos', '2023-04-12 21:15:59'),
('7-716-1902', 'Julia Dominguez', 'juliagamer11@gmail.com', '64066808', 'Estudiante', 'nacional', 'Algorithmics', 'Guarare', '2023-04-12 20:54:58'),
('7-717-1732', 'Sebastián Harmodio Mudarra De León', 'ritamudarra@gmail.com', '69643805', 'Estudiante', 'nacional', 'Algoritmics school', 'Los Santos', '2023-04-25 20:59:46'),
('7-718-577', 'Jaime Navarro', 'nelysnieto42@gmail.com', '6693-7168', 'Estudiante', 'nacional', 'Algorithmics', 'Sabana Grande', '2023-04-13 20:41:30'),
('7-84-1899', 'Lourdes Cortés', 'lourdes.cortes@up.ac.pa', '68631791', 'Docente', 'nacional', 'CRUA', 'Chitré', '2023-04-13 14:22:58'),
('7/708/1035', 'carmen Cecilia Gutierrez Cardenas ', 'ccgutierrez.08@gmail.com', '61667532', 'Estudiante', 'nacional', 'CRUA', 'Los Santos', '2023-05-05 13:09:00'),
('7/711/2002', 'aurelio cardenas', 'aurelocardenas61@gmail.com', '65761051', 'Estudiante', 'nacional', 'crua', 'Chitre', '2023-05-05 13:00:06'),
('7/713/1751', 'Luz Perez', 'luz331191@gmail.com', '64020366', 'Estudiante', 'nacional', 'CRUA', 'Los Santos', '2023-05-05 13:01:53'),
('7/713/372', 'Maria Lourdes Herrera', 'lourdes230419@gmail.com', '65165083', 'Estudiante', 'nacional', 'CRUA', 'Chitré', '2023-04-13 14:53:00'),
('7/714/49', 'Gabriela Yanguez', 'giyg2701@gmail.com', '62924426', 'Estudiante', 'nacional', 'CRUA', 'Los Santos', '2023-04-25 13:28:42'),
('7/714/925', 'Yaragnis Reyes ', 'yaragnisreyes@gmail.com', '68057498', 'Estudiante', 'nacional', 'Crua', 'Chitre', '2023-04-25 13:22:57'),
('717-1858', 'Romeo Rivera', '', '66514212', 'Estudiante', 'nacional', 'Algoritmics school', 'Los Santos', '2023-04-20 20:51:23'),
('8-1007-154', 'Román Fernández', 'romanalexander0120@gmail.com', '62276189', 'Estudiante', 'nacional', 'CRUA', 'Chitre', '2023-05-05 13:08:42'),
('8-1008-2090', 'Maybeline Vega', 'vmaybeline10@gmail.com', '61657393', 'Estudiante', 'nacional', 'CRUA', 'Chitre', '2023-04-25 19:06:46'),
('8-1013-2096', 'Hellem Samaniego', 'samaniegohellen@gmail.com', '69425793', 'Estudiante', 'nacional', 'CRUA', 'Chitré', '2023-04-17 18:15:06'),
('8-1081-437', 'Randolf Samuel Villarreal', 'ediloyes@hotmail.com', '64316613', 'Estudiante', 'nacional', 'Algorithmics', 'Los Santos', '2023-04-12 21:19:45'),
('8-11-931095', 'Natan Alexander Arauz Tello', 'ildaauradiaz@gmail.com', '65277654', 'Estudiante', 'nacional', 'Algorithmics', 'Monagrillo', '2023-04-11 21:07:34'),
('8-1144-2469', 'ADRIAN QUINTERO', '', '', 'Estudiante', 'nacional', 'Algorithmics', 'CHITRE', '2023-04-20 21:00:36'),
('8-1156-754', 'Rafael Juarez', 'rafaelvicentejuarez@gmail.com', '------', 'Estudiante', 'nacional', 'Algorithmics', 'La Villa de Los Santos', '2023-04-20 21:17:07'),
('8-155-1379', 'Jose Gil Moreno Avila', 'jgil@mida.gob.pa', '970-2612', 'Participante', 'nacional', 'MIDA', 'Chitré', '2023-04-27 14:01:36'),
('8-193-1095', 'Nathan Arauz Tello', 'jezabel-23@hotmail.com', '69205067', 'Estudiante', 'nacional', 'Algorithmics', 'Pese', '2023-04-25 20:55:40'),
('8-211-2521', 'Ariel Espino De Leon', 'aespino@oirsa.org', '62941045', 'Autoridad', 'nacional', 'Organismo Internacional  Regional de Sanidad Agropecuaria', 'Chiriqui', '2023-04-27 14:34:57'),
('8-247-432', 'mario pineda f', 'mpfalcon@hotmail.com', '65147652', 'Estudiante', 'nacional', 'crua', 'chitre', '2023-04-27 14:44:06'),
('8-281-50', 'Danilo Mathiew', 'danilomathiew2011@hotmail.com', '66382050', 'Administrativo', 'nacional', 'Mida R3', 'Chitre', '2023-04-27 13:21:49'),
('8-316-665', 'Ramón Abdiel Cedeño Quintero', 'r_cq_777@hotmail.com', '6327-5873', 'Autoridad', 'nacional', 'Ministerio de Desarrollo Agropecuario', 'MIDA-Ciudad de ', '2023-04-27 13:58:34'),
('8-323-212', 'Fernando De Pasquale Arcia.', 'depasquale2563@gmail.com', '6485-2869', 'Autoridad', 'nacional', 'UP DIGITE', 'Panamá', '2023-05-03 17:16:42'),
('8-710-1918', 'Edwin Castillo', 'edwind0605@gmail.com', '65351556', 'Administrativo', 'nacional', 'crua-cidete', 'Chitré', '2023-05-02 20:08:55'),
('8-769-1696', 'Franklin Castillo', 'prmths83@gmail.com', '63721429', 'Administrativo', 'nacional', 'crua', 'chitre', '2023-05-03 16:32:18'),
('8-891-1692', 'Josseline Ureña', 'josselinecris@gmail.com', '66066315', 'Docente', 'nacional', 'Algoritmics school', 'La Arena', '2023-04-11 20:34:19'),
('8-924-2001', 'karem yisseth dutary perez', 'karendutary1008@gmail.com', '60562595', 'Estudiante', 'nacional', 'CRUA', 'Chitré', '2023-04-13 15:13:02'),
('8-934-1570', 'Dania Alejandra Castillo Hurtado', 'dach2898@gmail.com', '62144289', 'Estudiante', 'nacional', 'CRUA', 'Chitré', '2023-04-13 14:58:46'),
('8-952-707', 'abdiel cruz', 'abdielcruz671@gmail.com', '62393060', 'Estudiante', 'nacional', 'CRUA', 'Los Santos', '2023-04-11 16:35:01'),
('8-958-863', 'Angel Perez Quintero ', 'perezag.2313@gmail.com', '6348-2105', 'Estudiante', 'nacional', 'CRUA', 'Chitre', '2023-04-13 15:16:28'),
('8-976-752', 'anayelis cristina guerrero ramos', 'anayelis05g@gmail.com', '68299556', 'Estudiante', 'nacional', 'CRUA', 'los pozos', '2023-05-02 13:29:40'),
('8-984-2353', 'Dianelis Yatzuris Perez Martinez', 'pdianelis9@gmail.com', '64419191', 'Estudiante', 'nacional', 'CRUA', 'CHITRE', '2023-05-05 13:03:15'),
('8-987-1130', 'Diego Arrocha', 'sniperm95b4b@gmail.com', '68614776', 'Estudiante', 'nacional', 'CRUA', 'Chitré', '2023-04-13 15:17:01'),
('8-987-2049', 'Rebeca del Carmen Dominguez Baule', 'drebecadelcarmen@gmail.com', '63647275', 'Estudiante', 'nacional', 'CRUA', 'Monagrillo', '2023-05-02 13:32:12'),
('8-987-2201', 'Deisi Vargas', 'vargasmasiel544@gmail.com', '6683-8603', 'Estudiante', 'nacional', 'CRUA', 'Los  Santos', '2023-05-02 13:29:11'),
('8-989-915', 'Yadielsy Rivera ', 'yadielsyrivera@gmail.com', '63655281', 'Estudiante', 'nacional', 'CRUA', 'Chitré', '2023-05-02 13:41:08'),
('8-990-11', 'Astrid Rodríguez ', 'astriidr7261@gmail.com', '68780394', 'Estudiante', 'nacional', 'CRUA', 'Chitre', '2023-05-02 13:40:57'),
('8-992-1457', 'Aris Ariel Correa Graham', 'ariscorreagraham@gmail.com', '67281104', 'Estudiante', 'nacional', 'CRUA', 'Chitre', '2023-04-25 19:05:34'),
('8-992-1631', 'Carlos Alberto Hidalgo Rodríguez ', 'cahr507@gmail.com', '69705744', 'Estudiante', 'nacional', 'C. R. U. A. ', 'Chitré ', '2023-05-02 13:32:14'),
('8-992-1773', 'Wilsy Darian Hernández Muñoz', 'wilsydarian0913@gmail.com', '68275936', 'Estudiante', 'nacional', 'CRUA', 'Los Santos', '2023-04-27 14:47:03'),
('8-996-1646', 'Noelys Escobar', 'noelysescobar61@gmail.com', '65279794', 'Estudiante', 'nacional', 'CRUA', 'La Arena', '2023-05-02 18:47:10'),
('8-996-1911', 'Ana Gabriela Domínguez', 'ana.dominguez4401@gmail.com', '62216848', 'Estudiante', 'nacional', 'CRUA', 'Chitré', '2023-04-13 14:59:45'),
('8-999-2273', 'keisy Avila', 'keisycamarena10@gmail.com', '68356032', 'Estudiante', 'nacional', 'CRUA', 'CHITRE', '2023-04-27 14:54:57'),
('8/1013/2096', 'Hellem Mercedes Samaniego Perez', 'samaniegohellen7@gmail.com', '69425793', 'Estudiante', 'nacional', 'CRUA', 'Chitre', '2023-04-27 14:52:56'),
('8/973/1253', 'Nayelis Margarita Dominguez Rios', 'nayelisdominguez89@gmail.com', '65013305', 'Estudiante', 'nacional', 'CRUA', 'Chitré', '2023-04-13 14:55:43'),
('9-219-681', 'Mabel Elizabeth Aponte Pérez', 'apontemabel1814@gmail.com', '68591022', 'Docente', 'nacional', 'CRUA', 'Chitré', '2023-05-02 18:39:37'),
('9-735-346', 'Anayttee Rodriguez', 'anayttee@gmail.com', '63939827', 'Docente', 'nacional', 'Algorithmics', 'Los Santos', '2023-04-11 20:41:46'),
('9-750-1066', 'Otilia Santo', 'santootilia14@gmail.com', '66406007', 'Estudiante', 'nacional', 'CRUA', 'Chitre', '2023-04-25 19:11:58'),
('9-757-710', 'meisis johana ayala riquelme', 'meisisayala9@gmail.com', '68485877', 'Estudiante', 'nacional', 'CRUA', 'Chitre', '2023-05-02 18:49:09'),
('EC-0157-12278', 'Luis Carrasquel', 'lcarrasquel1573@gmail.com', '68221905', 'Estudiante', 'internacional', 'CRUA', 'Chitre', '2023-05-05 18:49:09'),
('6-727-599', 'Karla Batista', 'karlabatista1409@gmail.com', '64422478', 'Estudiante', 'nacional', 'CRUA', 'Chitre', '2023-05-05 18:49:09'),
('EC-0157-12210', 'Nahary Brochero', 'nbrochero222@gmail.com', '68816359', 'Estudiante', 'internacional', 'CRUA', 'Chitre', '2023-05-05 18:49:09'),
('8-1011-508', 'Gabriel Villarreal', 'villarrealgabriel207@gmail.com', '66880544', 'Estudiante', 'nacional', 'CRUA', 'Chitre', '2023-05-05 18:49:09'),
('7-713-2281', 'Javier Gaitán', 'jgaitan0628@gmail.com', '63092933', 'Estudiante', 'nacional', 'CRUA', 'Chitre', '2023-05-05 18:49:09'),
('6-727-926', 'Ashley Moreno', 'ashleymorenobarria@gmail.com', '63526595', 'Estudiante', 'nacional', 'CRUA', 'Chitre', '2023-05-05 18:49:09'),
('8-1006-1897', 'Maryuris Corrales', 'amyriscorrales07@gmail.com', '69115259', 'Estudiante', 'nacional', 'CRUA', 'Chitre', '2023-05-05 18:49:09'),
('6-726-1500', 'Yusmerys Cárdenas', 'cardenasyusmerys@gmail.com', '66435615', 'Estudiante', 'nacional', 'CRUA', 'Chitre', '2023-05-05 18:49:09'),
('7-714-1893', 'José Morcillo', 'jgo979975@gmail.com', '68712948', 'Estudiante', 'nacional', 'CRUA', 'Chitre', '2023-05-05 18:49:09'),
('2-753-2367', 'Braian Vargas', 'vargasbryantt@gmail.com', '67841807', 'Estudiante', 'nacional', 'CRUA', 'Chitre', '2023-05-05 18:49:09');

-- --------------------------------------------------------

--
-- Estructura de tabla para la tabla `tb_unirme`
--

CREATE TABLE `tb_unirme` (
  `id` int NOT NULL,
  `cedula` varchar(11) CHARACTER SET utf8mb4 COLLATE utf8mb4_general_ci NOT NULL,
  `nombre` text CHARACTER SET utf8mb4 COLLATE utf8mb4_general_ci NOT NULL,
  `correo` varchar(30) CHARACTER SET utf8mb4 COLLATE utf8mb4_general_ci NOT NULL,
  `nombre_act` varchar(50) CHARACTER SET utf8mb3 COLLATE utf8mb3_spanish2_ci NOT NULL,
  `fecha` timestamp NOT NULL DEFAULT CURRENT_TIMESTAMP ON UPDATE CURRENT_TIMESTAMP
) ENGINE=InnoDB DEFAULT CHARSET=utf8mb4 COLLATE=utf8mb4_general_ci;

--
-- Volcado de datos para la tabla `tb_unirme`
--

INSERT INTO `tb_unirme` (`id`, `cedula`, `nombre`, `correo`, `nombre_act`, `fecha`) VALUES
(3, '6-734-1016', 'Samar Monterrey', 'samar@samar.com', 'Inventario de Bienes Patrimoniales', '2023-01-19 20:57:00'),
(4, '6-707-335', 'DANIEL GONZALEZ', 'dgonzalez@gmail.com', 'Inventario de Bienes Patrimoniales', '2023-01-19 21:02:13'),
(5, '6-700-588', 'SORAIDA DIAZ', 'sdiaz@gmail.com', 'reunion en cidete', '2023-01-19 21:03:26'),
(6, '6-707-770', 'ERNESTO FONG', 'ernesto.fong@up.ac.pa', 'Inventario de Bienes Patrimoniales', '2023-01-19 21:37:34'),
(7, '6-713-1245', 'GUILLERMO FACIO', 'vjfas20@gmail.com', 'Inventario de Bienes Patrimoniales', '2023-01-19 21:40:48'),
(8, '6-713-1557', 'Samuel Monterrey', 'samuel.monterrey@up.ac.pa', 'Capacitaciones de Drones', '2023-01-23 19:43:19'),
(15, '8-710-1918', 'Edwin David CASTILLO', 'edwind0605@gmail.com', 'Inventario de Bienes Patrimoniales', '2023-03-31 23:13:16'),
(23, '6-724-1160', 'Ana Pinilla', 'anavpm27@gmail.com', 'Visita Estudiantes de Finanzas Prof. Sandra M.', '2023-04-11 23:30:44'),
(24, '6-724-1850', 'Emerson Ronaldo Vega Villalaz', 'emersonvega0713@gmail.com', 'Visita Estudiantes de Finanzas Prof. Sandra M.', '2023-04-11 23:33:27'),
(25, '8-952-707', 'abdiel cruz', 'abdielcruz671@gmail.com', 'Visita Estudiantes de Finanzas Prof. Sandra M.', '2023-04-11 23:35:13'),
(26, '6-721-933', 'Eric Trejos', 'trejos.eric18@gmail.com', 'Visita Estudiantes de Finanzas Prof. Sandra M.', '2023-04-11 23:37:21'),
(27, '6-724-2170', 'Carlos Díaz', 'carlosdiaz2149@gmail.com', 'Visita Estudiantes de Finanzas Prof. Sandra M.', '2023-04-11 23:38:59'),
(28, '6-724-1050', 'Selena Padilla', 'selenapadilla0815@gmail.com', 'Visita Estudiantes de Finanzas Prof. Sandra M.', '2023-04-11 23:40:10'),
(29, '6-725-826', 'Karis Villalaz', 'karisvillalaz@gmail.com', 'Visita Estudiantes de Finanzas Prof. Sandra M.', '2023-04-11 23:41:41'),
(30, '6-725-1112', 'Keilyn Peralta', 'keilyn.peralta20@gmail.com', 'Capacitaciones de Drones', '2023-04-11 23:42:55'),
(31, '6-725-1112', 'Keilyn Peralta', 'keilyn.peralta20@gmail.com', 'Visita Estudiantes de Finanzas Prof. Sandra M.', '2023-04-11 23:43:00'),
(32, '6-725-725', 'Víviam Vargas', 'vivianvargas1802@gmail.com', 'Visita Estudiantes de Finanzas Prof. Sandra M.', '2023-04-11 23:44:21'),
(33, '7-713-170', 'norielis', 'norielys0404@gmail.com', 'Visita Estudiantes de Finanzas Prof. Sandra M.', '2023-04-11 23:45:27'),
(34, '6-701-2055', 'ELIS SERRANO', 'elisserrano06@gmail.com', 'Visita Estudiantes de Finanzas Prof. Sandra M.', '2023-04-12 02:48:11'),
(35, '8-891-1692', 'Josseline Ureña', 'josselinecris@gmail.com', 'Curso Alogrithmics ROBLOX/ C. Del Codigo', '2023-04-12 03:34:38'),
(36, '9-735-346', 'Anayttee Rodriguez', 'anayttee@gmail.com', 'Curso Alogrithmics ROBLOX/ C. Del Codigo', '2023-04-12 03:42:01'),
(37, '6-735-1116', 'Emilie Marie Sanchez Palacios', 'jackelineperez203@gmail.com', 'Curso Alogrithmics ROBLOX/ C. Del Codigo', '2023-04-12 04:00:38'),
(38, '6-736-807', 'Ariha Araúz', 'sheenashcks@gmail.com', 'Curso Alogrithmics ROBLOX/ C. Del Codigo', '2023-04-12 04:03:25'),
(39, '8-11-931095', 'Natan Alexander Arauz Tello', 'ildaauradiaz@gmail.com', 'Curso Alogrithmics ROBLOX/ C. Del Codigo', '2023-04-12 04:07:52'),
(40, '9-735-346', 'Anayttee Rodriguez', 'anayttee@gmail.com', 'Curso Alogrithmics ROBLOX/ C. Del Codigo', '2023-04-13 03:44:08'),
(41, '7-716-1902', 'Julia Dominguez', 'juliagamer11@gmail.com', 'Curso Alogrithmics ROBLOX/ C. Del Codigo', '2023-04-13 03:55:20'),
(42, '6-731-992', 'Juan Marco Olaya', 'juanmarcolayag@gmail.com', 'Curso Alogrithmics ROBLOX/ C. Del Codigo', '2023-04-13 04:05:28'),
(43, '6-728-2057', 'Isaac Antonio Burgos Marciaga', 'burgos08isaac@gmail.com', 'Curso Alogrithmics ROBLOX/ C. Del Codigo', '2023-04-13 04:10:13'),
(44, '7-715-2078', 'Marco Antonio Serna Navarro', 'marcoantoniosernava@gmail.com', 'Curso Alogrithmics ROBLOX/ C. Del Codigo', '2023-04-13 04:16:22'),
(45, '8-1081-437', 'Randolf Samuel Villarreal', 'ediloyes@hotmail.com', 'Curso Alogrithmics ROBLOX/ C. Del Codigo', '2023-04-13 04:20:10'),
(46, '7-712-1836', 'Marina Vargas', 'vargasm0407@gmail.com', 'Inducción Servicio Social - Esc. De Biología', '2023-04-13 21:03:46'),
(47, '7-712-448', 'Orlanda Elizabeth De Gracia Cedeño', 'orlanda-elizabeth@hotmail.com', 'Inducción Servicio Social - Esc. De Biología', '2023-04-13 21:05:24'),
(48, '7-84-1899', 'Lourdes Cortés', 'lourdes.cortes@up.ac.pa', 'Inducción Servicio Social - Esc. De Biología', '2023-04-13 21:23:20'),
(49, '7-712-1508', 'Katherine Ramos', 'katherineramos784@gmail.com', 'Inducción Servicio Social - Esc. De Biología', '2023-04-13 21:35:21'),
(50, '7-712-1270', 'Ana Isabel Vergara', 'vergaraa924@gmail.com', 'Inducción Servicio Social - Esc. De Biología', '2023-04-13 21:38:08'),
(51, '6-722-2500', 'Ramichell Barría', 'ramichell02@gmail.com', 'Inducción Servicio Social - Esc. De Biología', '2023-04-13 21:42:05'),
(52, '7-711-21250', 'Esperanza Maitee Rodríguez Cárdenas', 'rodriguezmaite896@gmail.com', 'Inducción Servicio Social - Esc. De Biología', '2023-04-13 21:44:04'),
(53, '6-722-1448', 'Jinitza De León Barrera', 'jinitza15@gmail.com', 'Inducción Servicio Social - Esc. De Biología', '2023-04-13 21:45:40'),
(54, '7-713-1430', 'Nadia Gómez', 'nadiaagv091881@gmail.com', 'Inducción Servicio Social - Esc. De Biología', '2023-04-13 21:48:21'),
(55, '6-725-1269', 'Lorena Acosta ', 'lorenamassiel0617@gmail.com', 'Inducción Servicio Social - Esc. De Biología', '2023-04-13 21:50:17'),
(56, '6-722-881', 'María Corrales', 'mariceco560@gmail.com', 'Inducción Servicio Social - Esc. De Biología', '2023-04-13 21:51:58'),
(57, '7-713-1351', 'Milagros Pérez', 'pmilagros891@gmail.com', 'Visita Estudiantes de Finanzas Prof. Sandra M.', '2023-04-13 21:53:42'),
(58, '6-724-2403', 'Jose David Rodríguez Peña', 'joserodriguezp.micro0116@gmail', 'Inducción Servicio Social - Esc. De Biología', '2023-04-13 21:56:36'),
(59, '7-713-1322', 'Juan Daniel De León Cedeño', 'deleonjuan007@gmail.com', 'Inducción Servicio Social - Esc. De Biología', '2023-04-13 21:58:10'),
(60, '8-996-1911', 'Ana Gabriela Domínguez', 'ana.dominguez4401@gmail.com', 'Inducción Servicio Social - Esc. De Biología', '2023-04-13 22:00:22'),
(61, '6-725-1459', 'Maryosli Sandoval', 'maryosli1900sandoval@gmail.com', 'Inducción Servicio Social - Esc. De Biología', '2023-04-13 22:04:07'),
(62, '6-725-1459', 'Maryosli Sandoval', 'maryosli1900sandoval@gmail.com', 'Inducción Servicio Social - Esc. De Biología', '2023-04-13 22:04:16'),
(63, '6-721-1599', 'Madeleine Trejos', 'made1298@gmail.com', 'Inducción Servicio Social - Esc. De Biología', '2023-04-13 22:05:34'),
(64, '7-712-2094', 'Yaribeth del Carmen Sáez Pérez', 'marquelda1303@gmail.com', 'Inducción Servicio Social - Esc. De Biología', '2023-04-13 22:07:02'),
(65, '7-713-2182', 'Leidys Frias Castillo', 'leydisf02@gmail.com', 'Inducción Servicio Social - Esc. De Biología', '2023-04-13 22:09:39'),
(66, '8-924-2001', 'karem yisseth dutary perez', 'karendutary1008@gmail.com', 'Inducción Servicio Social - Esc. De Biología', '2023-04-13 22:13:20'),
(67, '6-723-1653', 'Raychell Gálvez', 'raychellgalvez15@gmail.com', 'Inducción Servicio Social - Esc. De Biología', '2023-04-13 22:14:50'),
(68, '8-958-863', 'Angel Perez Quintero ', 'perezag.2313@gmail.com', 'Inducción Servicio Social - Esc. De Biología', '2023-04-13 22:16:41'),
(69, '7-713-392', 'Gretchell Regalado', 'gretchellnahomy@gmail.com', 'Inducción Servicio Social - Esc. De Biología', '2023-04-13 22:18:15'),
(70, '6-725-0067', 'Yarkelys Calderón M.', 'calderonmyarkelys@gmail.com', 'Inducción Servicio Social - Esc. De Biología', '2023-04-13 22:19:29'),
(71, '6-723-693', 'Melissa De Vicente', 'melissadevicente0900@gmail.com', 'Inducción Servicio Social - Esc. De Biología', '2023-04-13 22:21:15'),
(72, '6-723-1873', 'Julissa Hernández', 'julissalisseth18@gmail.com', 'Inducción Servicio Social - Esc. De Biología', '2023-04-13 22:22:28'),
(73, '6-722-218', 'Elizabeth Govea', 'elizagc07@gmail.com', 'Inducción Servicio Social - Esc. De Biología', '2023-04-13 22:24:32'),
(74, '2-741-1037', 'Saúl Hernández', 'saulexis21@gmail.com', 'Inducción Servicio Social - Esc. De Biología', '2023-04-13 22:27:33'),
(75, '6-724-2217', 'Aylenn Ortiz', 'gariam2815@gmail.com', 'Inducción Servicio Social - Esc. De Biología', '2023-04-13 22:29:03'),
(76, '6-724-1922', 'Isabella Victoria Tejedor Cedeño', 'isavtc1602@gmail.com', 'Inducción Servicio Social - Esc. De Biología', '2023-04-13 22:29:27'),
(77, '6-723-2114', 'Andrés Jaramillo ', 'andrescaleb24@gmail.com', 'Inspección Est. de Arquitectura', '2023-04-13 22:46:29'),
(78, '6-47-271-', 'Aracelis Ureña  Carvajal', 'aracelisuc@gmail.com', 'Visitas en General', '2023-04-14 01:53:25'),
(79, '7-718-577', 'Jaime Navarro', 'nelysnieto42@gmail.com', 'Curso Alogrithmics ROBLOX/ C. Del Codigo', '2023-04-14 03:42:01'),
(80, '9-735-346', 'Anayttee Rodriguez', 'anayttee@gmail.com', 'Curso Alogrithmics ROBLOX/ C. Del Codigo', '2023-04-14 03:50:51'),
(81, '.4-867-410', 'Jose Broce', 'johannaibeth1823@gmail.com', 'Curso Alogrithmics ROBLOX/ C. Del Codigo', '2023-04-14 04:07:05'),
(82, '7-17-1858', 'Romeo Rubier Rivera Ruiz', 'romeo0705rivera@gmail.com', 'Curso Alogrithmics ROBLOX/ C. Del Codigo', '2023-04-14 04:11:13'),
(83, '7-712-403', 'Carlos Moreno', 'carlosj22.cjmr@gmail.com', 'Visitas en General', '2023-04-15 00:14:45'),
(84, '6-721-1485', 'Christian Alexander Flores Govea', 'crishadler.nl04@gmail.com', 'Inspección Est. de Arquitectura', '2023-04-17 21:41:57'),
(85, '7-710-783', 'Katherine Vergara', 'katherinemv0604@gmail.com', 'Inspección Est. de Arquitectura', '2023-04-17 21:44:32'),
(86, '7-710-783', 'Katherine Vergara', 'katherinemv0604@gmail.com', 'Inspección Est. de Arquitectura', '2023-04-17 21:44:47'),
(87, '6-724-188', 'Francisco Aparicio', 'franciscoaparicioatencio28@gma', 'Inspección Est. de Arquitectura', '2023-04-17 21:46:58'),
(88, '7-713-445', 'Carlina Castro', 'carlinacastro29@gmail.com', 'Inspección Est. de Arquitectura', '2023-04-17 22:17:20'),
(89, '7-712-2324', 'María García', 'maryangelgr30@gmail.com', 'Inspección Est. de Arquitectura', '2023-04-17 22:18:54'),
(90, '6-727-668', 'katia barria', 'katiabarria2004@mail.com', 'Visitas en General', '2023-04-18 01:07:04'),
(91, '8-1013-2096', 'Hellem Samaniego', 'samaniegohellen@gmail.com', 'Visitas en General', '2023-04-18 01:15:24'),
(92, '8-891-1692', 'Josseline Ureña', 'josselinecris@gmail.com', 'Curso Alogrithmics ROBLOX/ C. Del Codigo', '2023-04-19 03:44:57'),
(93, '9-735-346', 'Anayttee Rodriguez', 'anayttee@gmail.com', 'Curso Alogrithmics ROBLOX/ C. Del Codigo', '2023-04-19 03:48:54'),
(94, '6-735-1116', 'Emilie Marie Sanchez Palacios', 'jackelineperez203@gmail.com', 'Curso Alogrithmics ROBLOX/ C. Del Codigo', '2023-04-19 03:53:43'),
(95, '6-735-1116', 'Emilie Marie Sanchez Palacios', 'jackelineperez203@gmail.com', 'Visita Estudiantes de Finanzas Prof. Sandra M.', '2023-04-19 03:54:16'),
(96, '6-735-1116', 'Emilie Marie Sanchez Palacios', 'jackelineperez203@gmail.com', 'Curso Alogrithmics ROBLOX/ C. Del Codigo', '2023-04-19 03:57:05'),
(97, '6-733-2190', 'ivana madrid navarro', 'ivanamadrid25@gmail.com', 'Curso Alogrithmics ROBLOX/ C. Del Codigo', '2023-04-19 03:59:28'),
(98, '6-736-807', 'Ariha Araúz', 'sheenashcks@gmail.com', 'Curso Alogrithmics ROBLOX/ C. Del Codigo', '2023-04-19 03:59:56'),
(99, '9-735-346', 'Anayttee Rodriguez', 'anayttee@gmail.com', 'Curso Alogrithmics ROBLOX/ C. Del Codigo', '2023-04-20 03:34:10'),
(100, '8-1081-437', 'Randolf Samuel Villarreal', 'ediloyes@hotmail.com', 'Visita Estudiantes de Finanzas Prof. Sandra M.', '2023-04-20 03:53:39'),
(101, '8-1081-437', 'Randolf Samuel Villarreal', 'ediloyes@hotmail.com', 'Curso Alogrithmics ROBLOX/ C. Del Codigo', '2023-04-20 03:54:14'),
(102, '8-1081-437', 'Randolf Samuel Villarreal', 'ediloyes@hotmail.com', 'Curso Alogrithmics ROBLOX/ C. Del Codigo', '2023-04-20 03:55:05'),
(103, '6-728-2057', 'Isaac Antonio Burgos Marciaga', 'burgos08isaac@gmail.com', 'Curso Alogrithmics ROBLOX/ C. Del Codigo', '2023-04-20 04:00:11'),
(104, '6-731-992', 'Juan Marco Olaya', 'juanmarcolayag@gmail.com', 'Curso Alogrithmics ROBLOX/ C. Del Codigo', '2023-04-20 04:00:50'),
(105, '7-716-1902', 'Julia Dominguez', 'juliagamer11@gmail.com', 'Curso Alogrithmics ROBLOX/ C. Del Codigo', '2023-04-20 04:06:07'),
(106, '7-715-2078', 'Marco Antonio Serna Navarro', 'marcoantoniosernava@gmail.com', 'Curso Alogrithmics ROBLOX/ C. Del Codigo', '2023-04-20 04:33:30'),
(107, '7-718-577', 'Jaime Navarro', 'nelysnieto42@gmail.com', 'Curso Alogrithmics ROBLOX/ C. Del Codigo', '2023-04-21 03:47:17'),
(108, '7-718-577', 'Jaime Navarro', 'nelysnieto42@gmail.com', 'Curso Alogrithmics ROBLOX/ C. Del Codigo', '2023-04-21 03:47:39'),
(109, '9-735-346', 'Anayttee Rodriguez', 'anayttee@gmail.com', 'Curso Alogrithmics ROBLOX/ C. Del Codigo', '2023-04-21 03:57:35'),
(110, '.4-867-410', 'Jose Broce', 'johannaibeth1823@gmail.com', 'Curso Alogrithmics ROBLOX/ C. Del Codigo', '2023-04-21 04:02:34'),
(111, '.4-867-410', 'Jose Broce', 'johannaibeth1823@gmail.com', 'Curso Alogrithmics ROBLOX/ C. Del Codigo', '2023-04-21 04:02:44'),
(112, '8-1156-754', 'Rafael Juarez', 'rafaelvicentejuarez@gmail.com', 'Curso Alogrithmics ROBLOX/ C. Del Codigo', '2023-04-21 04:17:14'),
(113, '6-727-668', 'katia barria', 'katiabarria2004@mail.com', 'Visitas en General', '2023-04-21 22:16:20'),
(114, '6-727-668', 'katia barria', 'katiabarria2004@mail.com', 'Visitas en General', '2023-04-25 02:11:06'),
(115, '6-727-668', 'katia barria', 'katiabarria2004@mail.com', 'Visita Estudiantes de Finanzas Prof. Sandra M.', '2023-04-25 02:11:34'),
(116, '6-734-1016', 'Samar Monterrey', 'samar@samar.com', 'Inventario de Bienes Patrimoniales', '2023-01-19 20:57:00'),
(117, '6-707-335', 'DANIEL GONZALEZ', 'dgonzalez@gmail.com', 'Inventario de Bienes Patrimoniales', '2023-01-19 21:02:13'),
(118, '6-700-588', 'SORAIDA DIAZ', 'sdiaz@gmail.com', 'reunion en cidete', '2023-01-19 21:03:26'),
(119, '6-707-770', 'ERNESTO FONG', 'ernesto.fong@up.ac.pa', 'Inventario de Bienes Patrimoniales', '2023-01-19 21:37:34'),
(120, '6-713-1245', 'GUILLERMO FACIO', 'vjfas20@gmail.com', 'Inventario de Bienes Patrimoniales', '2023-01-19 21:40:48'),
(121, '6-723-2414', 'Raiza Elena Ulloa De Gracia', 'raizaulloa2@gmail.com', 'Visita Estudiantes de Finanzas Prof. Sandra M.', '2023-04-11 23:31:25'),
(122, '6-723-702', 'Astrid Gonzalez', 'astrid.gonzalez3300@gmail.com', 'Visita Estudiantes de Finanzas Prof. Sandra M.', '2023-04-11 23:33:25'),
(123, '7-713-333', 'Mayelis Michel Carvajal Carvajal', 'mayeliscarvajal@gmail.com', 'Visita Estudiantes de Finanzas Prof. Sandra M.', '2023-04-11 23:36:10'),
(124, '7-703-1962', 'Irvin yoel mendoza vasquez', 'irvin.men23@gmail.com', 'Visita Estudiantes de Finanzas Prof. Sandra M.', '2023-04-11 23:38:44'),
(125, '6-725-1315', 'Valerie Pérez ', 'valerieperez.1012@gmail.com', 'Visita Estudiantes de Finanzas Prof. Sandra M.', '2023-04-11 23:40:41'),
(126, '7-713-1883', 'Larizel Frias', 'larizel1550@gmail.com', 'Visita Estudiantes de Finanzas Prof. Sandra M.', '2023-04-11 23:42:06'),
(127, '6-724-473', 'George Cortez', 'georgecortezdh07@gmail.com', 'Visita Estudiantes de Finanzas Prof. Sandra M.', '2023-04-11 23:43:32'),
(128, '6-732-1639', 'Mia Melina Alvarado', 'arysmelisa@hotmail.com', 'Curso Algorithmics ROBLOX/ C. Del Codigo', '2023-04-12 04:04:25'),
(129, '6-732-940', 'Amelia Anais Flores Barria', 'floresbamelia@gmail.com', 'Curso Algorithmics ROBLOX/ C. Del Codigo', '2023-04-12 04:06:03'),
(130, '6/725/1406', 'Josselin Massiel Castro Saez', 'josselinmasssielcastro@gmail.c', 'Inducción Servicio Social Esc. de Biología', '2023-04-13 21:47:23'),
(131, '6/725/1089', 'Nadia Thais Ramirez Vega', 'naditram0@gmail.com', 'Inducción Servicio Social Esc. de Biología', '2023-04-13 21:48:59'),
(132, '3-728-1935', 'Lisdiali Navarro', 'lisdialis@gmail.com', 'Inducción Servicio Social Esc. de Biología', '2023-04-13 21:51:14'),
(133, '7/713/372', 'Maria Lourdes Herrera', 'lourdes230419@gmail.com', 'Inducción Servicio Social Esc. de Biología', '2023-04-13 21:53:19'),
(134, '8/973/1253', 'Nayelis Margarita Dominguez Rios', 'nayelisdominguez89@gmail.com', 'Inducción Servicio Social Esc. de Biología', '2023-04-13 21:56:01'),
(135, '6/724/1931', 'Orlando Jair Quintero Bazan', 'orlando.wilzon@gmail.com', 'Inducción Servicio Social Esc. de Biología', '2023-04-13 21:57:21'),
(136, '8-934-1570', 'Dania Alejandra Castillo Hurtado', 'dach2898@gmail.com', 'Inventario de Bienes Patrimoniales', '2023-04-13 21:58:55'),
(137, '8-934-1570', 'Dania Alejandra Castillo Hurtado', 'dach2898@gmail.com', 'Inducción Servicio Social Esc. de Biología', '2023-04-13 21:59:01'),
(138, '6-724-1038', 'Arlenis Del Carmen Pérez González', 'arlenisp1898@gmail.com', 'Inducción Servicio Social Esc. de Biología', '2023-04-13 22:01:46'),
(139, '6/725/45', 'Danna Gisselle Sanchez Rodriguez', 'dannasanchez@gmail.com', 'Inventario de Bienes Patrimoniales', '2023-04-13 22:04:46'),
(140, '6-725-1869', 'Marlenis Barría ', 'marlenisb95@gmail.com', 'Inducción Servicio Social Esc. de Biología', '2023-04-13 22:10:15'),
(141, '6-721-298', 'Maritzel Carrera Flores', 'maritzelc01@gmail.com', 'Inducción Servicio Social Esc. de Biología', '2023-04-13 22:11:50'),
(142, '6-724-1613', 'Kevin Edgardo Rivera González ', 'Kevingenzalezz21@gmail.com', 'Inducción Servicio Social Esc. de Biología', '2023-04-13 22:15:09'),
(143, '6-724-1613', 'Kevin Edgardo Rivera González ', 'Kevingenzalezz21@gmail.com', 'Inventario de Bienes Patrimoniales', '2023-04-13 22:15:12'),
(144, '6-724-1613', 'Kevin Edgardo Rivera González ', 'Kevingenzalezz21@gmail.com', 'Inducción Servicio Social Esc. de Biología', '2023-04-13 22:15:22'),
(145, '8-987-1130', 'Diego Arrocha', 'sniperm95b4b@gmail.com', 'Inducción Servicio Social Esc. de Biología', '2023-04-13 22:17:19'),
(146, '6-722-2100', 'Anthony Marciaga', 'thonymarc12@gmail.com', 'Inducción Servicio Social Esc. de Biología', '2023-04-13 22:19:10'),
(147, '6-724-1408', 'julio cesar mora quintero', 'julio1900mora@gmail.com', 'Inducción Servicio Social Esc. de Biología', '2023-04-13 22:21:47'),
(148, '7-711-2097', 'Victoria Librada Medina Escala', 'vlmedina1698@gmail.com', 'Inducción Servicio Social Esc. de Biología', '2023-04-13 22:24:02'),
(149, '6-725-551', 'Sugeidys Maitiel Flores Garcia ', 'sugeidys.flores11@gmail.com', 'Inducción Servicio Social Esc. de Biología', '2023-04-13 22:28:52'),
(150, '6-723-2456', 'Isaac Ramiro Castrellon Ramirez', 'isaaccastrellon7@gmail.com', 'Inspección Est. de Arquitectura', '2023-04-13 22:46:24'),
(151, '6-707-1407', 'Jose Angle flores Delgado ', 'jose.flores@up.ac.pa', 'Visitas en General', '2023-04-14 01:54:54'),
(152, '2-94-34', 'Jose Antonio Diaz Villarreal', 'jose.diaz.pty@gmail.com', 'Visitas en General', '2023-04-14 01:55:24'),
(153, '6-722-1553', 'Kenel Alexander Samaniego Rios ', 'kenelalexander04@gmail.com', 'Inspección Est. de Arquitectura', '2023-04-17 21:46:19'),
(154, '6-722-1553', 'Kenel Alexander Samaniego Rios ', 'kenelalexander04@gmail.com', 'Visita Estudiantes de Finanzas Prof. Sandra M.', '2023-04-17 21:46:32'),
(155, '6-722-1553', 'Kenel Alexander Samaniego Rios ', 'kenelalexander04@gmail.com', 'Inspección Est. de Arquitectura', '2023-04-17 21:46:39'),
(156, '6-722-1553', 'Kenel Alexander Samaniego Rios ', 'kenelalexander04@gmail.com', 'Inspección Est. de Arquitectura', '2023-04-17 21:47:02'),
(157, '7-712-1918', 'Erika Vega', 'erikavega25071@gmail.com', 'Inspección Est. de Arquitectura', '2023-04-17 22:18:16'),
(158, '6-726-251', 'Ashley Mencomo', 'ashmencomo20@gmail.com', 'Visitas en General', '2023-04-18 01:16:26'),
(159, '6-732-940', 'Amelia Anais Flores Barria', 'floresbamelia@gmail.com', 'Curso Algorithmics ROBLOX/ C. Del Codigo', '2023-04-19 04:28:38'),
(160, '6-732-1639', 'Mia Melina Alvarado', 'arysmelisa@hotmail.com', 'Curso Algorithmics ROBLOX/ C. Del Codigo', '2023-04-19 04:28:46'),
(161, '6-723-2414', 'Raiza Elena Ulloa De Gracia', 'raizaulloa2@gmail.com', 'Visita Estudiantes de Finanzas Prof. Sandra M.', '2023-04-25 03:07:23'),
(163, '6-721-1485', 'Christian A. Flores G.', 'crishadler.nl04@gmail.com', 'Visitas en General', '2023-04-25 01:16:37'),
(164, '6-723-725', 'barbara sanchez', 'barbara020500@gmail.com', 'Visita Estudiantes de Finanzas Prof. Sandra M.', '2023-04-25 17:24:43'),
(165, '7-714-393', 'jeimy dominguez ', 'jeimylis1031@gmail.com', 'Visita Estudiantes de Finanzas Prof. Sandra M.', '2023-04-25 17:26:23'),
(166, '6/725/1078', 'Erika Gutierrez', 'erikalug937@gmail.com', 'Visita Estudiantes de Finanzas Prof. Sandra M.', '2023-04-25 17:27:02'),
(167, '7/714/49', 'Gabriela Yanguez', 'giyg2701@gmail.com', 'Visita Estudiantes de Finanzas Prof. Sandra M.', '2023-04-25 17:28:48'),
(168, '8-710-1918', 'Edwin Castillo', 'edwind@gmail.com', 'Visita Estudiantes de Finanzas Prof. Sandra M.', '2023-04-25 17:33:06'),
(169, '6-48-1915', 'Adys Pereira de Herrera', 'apereiradeherrera@gmail.com', 'Práctica Profesional - Facultad de Economía', '2023-04-25 20:35:08'),
(170, '6-721-2019', 'Ryan Samaniego', 'ryansamaniego1@gmail.com', 'Práctica Profesional - Facultad de Economía', '2023-04-25 22:38:52'),
(171, '6-724-1830', 'Ibeth Maria Murillo Cuevas', 'ibethmaria2711@gmail.com', 'Práctica Profesional - Facultad de Economía', '2023-04-25 22:40:01'),
(172, '6-41-773', 'Nestor Javier Gonzales Tello', 'ngtello11@hotmail.com', 'Práctica Profesional - Facultad de Economía', '2023-04-25 22:43:42'),
(173, '6-727-668', 'katia barria', 'katiabarria2004@mail.com', 'Visitas en General', '2023-04-25 22:52:36'),
(174, '2-88-1379', 'Maria Pedreschi', 'prof.mariapedre2020@gmail.com', 'Práctica Profesional - Facultad de Economía', '2023-04-25 22:54:08'),
(175, '4-818-52 ', 'Edgar Omar González Cubilla ', 'edgaromargon04@gmail.com', 'Visita Estudiantes de Finanzas Prof. Sandra M.', '2023-04-25 23:08:25'),
(176, '7-713-1909', 'María Escalona', 'escalonam966@gmail.com', 'Visita Estudiantes de Finanzas Prof. Sandra M.', '2023-04-25 23:25:49'),
(177, '7-713-1909', 'María Escalona', 'escalonam966@gmail.com', 'Visita Estudiantes de Finanzas Prof. Sandra M.', '2023-04-25 23:26:36'),
(178, '7-713-1909', 'María Escalona', 'escalonam966@gmail.com', 'Visita Estudiantes de Finanzas Prof. Sandra M.', '2023-04-25 23:26:44'),
(179, '8-891-1692', 'Josseline Ureña', 'josselinecris@gmail.com', 'Curso Alogrithmics ROBLOX/ C. Del Codigo', '2023-04-26 00:32:08'),
(180, '9-735-346', 'Anayttee Rodriguez', 'anayttee@gmail.com', 'Curso Alogrithmics ROBLOX/ C. Del Codigo', '2023-04-26 00:44:26'),
(181, '6-732-940', 'Amelia Anais Flores Barria', 'floresbamelia@gmail.com', 'Curso Alogrithmics ROBLOX/ C. Del Codigo', '2023-04-26 00:51:13'),
(182, '6-732-1639', 'Mia Melina Alvarado', 'arysmelisa@hotmail.com', 'Curso Alogrithmics ROBLOX/ C. Del Codigo', '2023-04-26 00:52:12'),
(183, '8-193-1095', 'Nathan Arauz Tello', 'jezabel-23@hotmail.com', 'Curso Alogrithmics ROBLOX/ C. Del Codigo', '2023-04-26 00:55:51'),
(184, '7-717-1732', 'Sebastián Harmodio Mudarra De León', 'ritamudarra@gmail.com', 'Visita Estudiantes de Finanzas Prof. Sandra M.', '2023-04-26 01:00:11'),
(185, '6-735-1116', 'Emilie Marie Sanchez Palacios', 'jackelineperez203@gmail.com', 'Curso Alogrithmics ROBLOX/ C. Del Codigo', '2023-04-26 01:08:33'),
(186, '6-736-807', 'Ariha Araúz', 'sheenashcks@gmail.com', 'Curso Alogrithmics ROBLOX/ C. Del Codigo', '2023-04-26 01:11:30'),
(187, '6-736-763', 'Felipe Arizaga', 'farizagape@gmail.com', 'Curso Alogrithmics ROBLOX/ C. Del Codigo', '2023-04-26 02:13:08'),
(188, '6-731-992', 'Juan Marco Olaya', 'juanmarcolayag@gmail.com', 'Curso Alogrithmics ROBLOX/ C. Del Codigo', '2023-04-27 00:51:52'),
(189, '9-735-346', 'Anayttee Rodriguez', 'anayttee@gmail.com', 'Curso Alogrithmics ROBLOX/ C. Del Codigo', '2023-04-27 00:55:03'),
(190, '8-1081-437', 'Randolf Samuel Villarreal', 'ediloyes@hotmail.com', 'Curso Alogrithmics ROBLOX/ C. Del Codigo', '2023-04-27 00:59:02'),
(191, '8-1081-437', 'Randolf Samuel Villarreal', 'ediloyes@hotmail.com', 'Curso Alogrithmics ROBLOX/ C. Del Codigo', '2023-04-27 00:59:58'),
(192, '6-728-2057', 'Isaac Antonio Burgos Marciaga', 'burgos08isaac@gmail.com', 'Curso Alogrithmics ROBLOX/ C. Del Codigo', '2023-04-27 01:06:51'),
(193, '6-713-2335', 'YULISSA DE GRACIA', 'yulissa041221@gmail.com', 'Visita Estudiantes de Finanzas Prof. Sandra M.', '2023-04-27 16:46:06'),
(194, '6-703-1728', 'alfredo bernal', 'alfredobernal1605@icloud.com', 'Visita Estudiantes de Finanzas Prof. Sandra M.', '2023-04-27 17:27:15'),
(195, '6-47-11', 'Deris Deago', 'dadqie@gmail.com', 'Mesa Técnica Agroclimática - MIDA', '2023-04-27 17:31:27'),
(196, '6/710/1926', 'CARLOS BUSTAVINO', 'cabustavino23@gmail.com', 'Visita Estudiantes de Finanzas Prof. Sandra M.', '2023-04-27 17:32:02'),
(197, '6/710/1926', 'CARLOS BUSTAVINO', 'cabustavino23@gmail.com', 'Mesa Técnica Agroclimática - MIDA', '2023-04-27 17:32:25'),
(198, '6-710-1304', 'DANIEL SANTOS ORTEGA HERNANDEZ', 'ortegadaniel202@gmail.com', 'Visita Estudiantes de Finanzas Prof. Sandra M.', '2023-04-27 17:32:26'),
(199, '7-106-254', 'Noris del Carmen Villarreal', 'carmen.45116@hotmail.com', 'Mesa Técnica Agroclimática - MIDA', '2023-04-27 17:33:06'),
(200, '6-703-1728', 'alfredo bernal', 'alfredobernal1605@icloud.com', 'Mesa Técnica Agroclimática - MIDA', '2023-04-27 17:33:37'),
(201, '6-714-1566', 'Edwin Bladimir Vega Barria', 'vegaedwin@hotmail.com', 'Mesa Técnica Agroclimática - MIDA', '2023-04-27 17:35:02'),
(202, '6-703-98', 'Marlenis Marin', 'marleniscmm@gmail.com', 'Visita Estudiantes de Finanzas Prof. Sandra M.', '2023-04-27 17:37:03'),
(203, '6-59-397', 'david burgos', 'dburgos@bda.org.gob', 'Mesa Técnica Agroclimática - MIDA', '2023-04-27 17:42:28'),
(204, '8-316-665', 'Ramón Abdiel Cedeño Quintero', 'r_cq_777@hotmail.com', 'Mesa Técnica Agroclimática - MIDA', '2023-04-27 17:59:16'),
(205, '8-155-1379', 'Jose Gil Moreno Avila', 'jgil@mida.gob.pa', 'Mesa Técnica Agroclimática - MIDA', '2023-04-27 18:01:47'),
(206, '6-716-1408', 'FRANCISCO CORDOBA DEAGO ', 'fcdeago@gmail.com', 'Visita Estudiantes de Finanzas Prof. Sandra M.', '2023-04-27 18:12:25'),
(207, '8-247-432', 'mario pineda f', 'mpfalcon@hotmail.com', 'Visita Estudiantes de Finanzas Prof. Sandra M.', '2023-04-27 18:44:27'),
(208, '8-247-432', 'mario pineda f', 'mpfalcon@hotmail.com', 'Mesa Técnica Agroclimática - MIDA', '2023-04-27 18:44:47'),
(209, '7-714-33', 'Jesus Marcpierre Ulloa Devuyst', 'marcpierre696@GMAIL.COM', 'Visita Estudiantes de Finanzas Prof. Sandra M.', '2023-04-27 18:45:59'),
(210, '658685', 'Daniel Ramos', 'daramos@gmail.com', 'Mesa Técnica Agroclimática - MIDA', '2023-04-27 18:49:29'),
(211, '6-725-2398', 'Delia Maria Rodriguez Barrera ', 'deliarodriguez847@gmail.com', 'Visita Estudiantes de Finanzas Prof. Sandra M.', '2023-04-27 18:52:28'),
(212, '6-726-1272', 'Victor Almanza', 'almanzavictor1325@gmail.com', 'Visita Estudiantes de Finanzas Prof. Sandra M.', '2023-04-27 19:07:34'),
(213, '9-735-346', 'Anayttee Rodriguez', 'anayttee@gmail.com', 'Curso Alogrithmics ROBLOX/ C. Del Codigo', '2023-04-28 00:52:20'),
(214, '4-867-410', 'Jose Broce', 'johannaibeth1823@gmail.com', 'Visita Estudiantes de Finanzas Prof. Sandra M.', '2023-04-28 00:55:37'),
(215, '7-718-577', 'Jaime Navarro', 'nelysnieto42@gmail.com', 'Curso Alogrithmics ROBLOX/ C. Del Codigo', '2023-04-28 00:57:18'),
(216, '8-1156-754', 'Rafael Juarez', 'rafaelvicentejuarez@gmail.com', 'Curso Alogrithmics ROBLOX/ C. Del Codigo', '2023-04-28 01:15:37'),
(217, '6-727-668', 'katia barria', 'katiabarria2004@mail.com', 'Visitas en General', '2023-04-28 16:58:41'),
(218, '7-707-2039', 'Rafael Antonio Romero', 'rafael02romero91@gmail.com', 'Lab. Fundamentos de Enfermería - II año', '2023-04-28 16:59:52'),
(219, '7-714-33', 'Jesus Marcpierre Ulloa Devuyst', 'marcpierre696@GMAIL.COM', 'Visita Estudiantes de Finanzas Prof. Sandra M.', '2023-04-28 17:00:00'),
(220, '8-992-1773', 'Wilsy Darian Hernández Muñoz', 'wilsydarian0913@gmail.com', 'Lab. Fundamentos de Enfermería - II año', '2023-04-28 17:00:15'),
(221, '6-726-251', 'Ashley Mencomo', 'ashmencomo20@gmail.com', 'Visita Estudiantes de Finanzas Prof. Sandra M.', '2023-04-28 17:00:46'),
(222, '6-722-2271', 'Juan Guerra', 'juanshi2799@gmail.com', 'Lab. Fundamentos de Enfermería - II año', '2023-04-28 17:01:05'),
(223, '7-714-671', 'Shachiarys Marin', 'svargas2567@gmail.com', 'Lab. Fundamentos de Enfermería - II año', '2023-04-28 17:01:22'),
(224, '6/723/277', 'yahelys perez ', 'libertadyahe@hotmail.com', 'Lab. Fundamentos de Enfermería - II año', '2023-04-28 17:01:44'),
(225, '8-1013-2096', 'Hellem Samaniego', 'samaniegohellen@gmail.com', 'Lab. Fundamentos de Enfermería - II año', '2023-04-28 17:01:44'),
(226, '8-1013-2096', 'Hellem Samaniego', 'samaniegohellen@gmail.com', 'Lab. Fundamentos de Enfermería - II año', '2023-04-28 17:01:47'),
(227, '7-708-2022', 'Gissele Chacón', 'giselchacon19@gmail.com', 'Lab. Fundamentos de Enfermería - II año', '2023-04-28 17:02:06'),
(228, '6-725-2394', 'Stefany Yaneth Hernández Peralta', 'hernandezstefany893@gmail.com', 'Lab. Fundamentos de Enfermería - II año', '2023-04-28 17:02:09'),
(229, '6-726-228', 'Viviana Mendoza', 'vivianamaithe531@gmail.com', 'Lab. Fundamentos de Enfermería - II año', '2023-04-28 17:02:31'),
(230, '6-725-1312', 'Yuleysis Maydeth García Camargo', 'garciayuleysis@gmail.com', 'Lab. Fundamentos de Enfermería - II año', '2023-04-28 17:02:41'),
(231, '6-728-749', 'Fátima Serrano', 'fatimaserranom04@gmail.com', 'Lab. Fundamentos de Enfermería - II año', '2023-04-28 17:02:49'),
(232, '6-725-2398', 'Delia Maria Rodriguez Barrera ', 'deliarodriguez847@gmail.com', 'Lab. Fundamentos de Enfermería - II año', '2023-04-28 17:02:57'),
(233, '6-710-712', 'Rosmery lineth Quintero Vega', 'rouslint10@hotmail.com', 'Visita Estudiantes de Finanzas Prof. Sandra M.', '2023-04-28 17:03:11'),
(234, '6-710-712', 'Rosmery lineth Quintero Vega', 'rouslint10@hotmail.com', 'Visita Estudiantes de Finanzas Prof. Sandra M.', '2023-04-28 17:03:23'),
(235, '6-710-712', 'Rosmery lineth Quintero Vega', 'rouslint10@hotmail.com', 'Lab. Fundamentos de Enfermería - II año', '2023-04-28 17:03:39'),
(236, '8-999-2273', 'keisy Avila', 'keisycamarena10@gmail.com', 'Lab. Fundamentos de Enfermería - II año', '2023-04-28 17:04:07'),
(237, '6-726-1272', 'Victor Almanza', 'almanzavictor1325@gmail.com', 'Lab. Fundamentos de Enfermería - II año', '2023-04-28 17:04:41'),
(238, '6-725-1160', 'kevin mendoza ', 'kevinmendoza2015.km@gmail.com', 'Lab. Fundamentos de Enfermería - II año', '2023-04-28 17:05:06'),
(239, '6-726-457', 'Juan Damian Montenegro Aparicio ', 'damianjuanm4@gmail.com', 'Lab. Fundamentos de Enfermería - II año', '2023-04-28 17:05:45'),
(240, '6-726-457', 'Juan Damian Montenegro Aparicio ', 'damianjuanm4@gmail.com', 'Lab. Fundamentos de Enfermería - II año', '2023-04-28 17:05:45'),
(241, '6/725/1078', 'Erika Gutierrez', 'erikalug937@gmail.com', 'Visita Estudiantes de Finanzas Prof. Sandra M.', '2023-04-29 16:56:59'),
(242, '7/714/49', 'Gabriela Yanguez', 'giyg2701@gmail.com', 'Visita Estudiantes de Finanzas Prof. Sandra M.', '2023-04-29 16:57:09'),
(243, '7/714/49', 'Gabriela Yanguez', 'giyg2701@gmail.com', 'Visita Estudiantes de Finanzas Prof. Sandra M.', '2023-04-29 16:57:33'),
(244, '6-706-402', 'Zoraida A. Díaz S.', 'kaijum1981@gmail.com', 'Salud Pública 2 - Tercer Año', '2023-05-02 17:27:17'),
(245, '6/723/1100', 'Isabel Michelle Calderon ', 'isamichelle28@gmail.com', 'Salud Pública 2 - Tercer Año', '2023-05-02 17:28:44'),
(246, '6-725-1184', 'Joseline Mayrena De Gracia Gutiérrez', 'joselinedegracia75@gmail.com', 'Salud Pública 2 - Tercer Año', '2023-05-02 17:29:25'),
(247, '8-987-2201', 'Deisi Vargas', 'vargasmasiel544@gmail.com', 'Salud Pública 2 - Tercer Año', '2023-05-02 17:29:32'),
(248, '6-724-1015', 'Justin González ', 'justingonzalez1907@gmail.com', 'Salud Pública 2 - Tercer Año', '2023-05-02 17:29:47'),
(249, '6-724-371', 'Katherine Lineth Pinto Barria ', 'Katherinepinto2604@gmail.com', 'Salud Pública 2 - Tercer Año', '2023-05-02 17:29:59'),
(250, '8-976-752', 'anayelis cristina guerrero ramos', 'anayelis05g@gmail.com', 'Lab. Fundamentos de Enfermería - II año', '2023-05-02 17:29:59'),
(251, '6-723-2092', 'Derkis Gloribeth Valdez Ramos', 'derkisgloribeth@gmail.com', 'Salud Pública 2 - Tercer Año', '2023-05-02 17:31:11'),
(252, '6-724-1578', 'Nathali Gómez', 'nathaligomez352@gmail.com', 'Salud Pública 2 - Tercer Año', '2023-05-02 17:32:08'),
(253, '6-724-1163', 'José Carlos Campos Crespo', 'camposcrespoj@gmail.com', 'Salud Pública 2 - Tercer Año', '2023-05-02 17:32:15'),
(254, '6/725/2271', 'madeline giselle calderon gonzales', 'madec5657@gmail.com', 'Visita Estudiantes de Finanzas Prof. Sandra M.', '2023-05-02 17:32:16'),
(255, '8-992-1631', 'Carlos Alberto Hidalgo Rodríguez ', 'cahr507@gmail.com', 'Salud Pública 2 - Tercer Año', '2023-05-02 17:32:23'),
(256, '6/725/2271', 'madeline giselle calderon gonzales', 'madec5657@gmail.com', 'Salud Pública 2 - Tercer Año', '2023-05-02 17:32:39'),
(257, '6-724-1492', 'Marieth Ríos ', 'mariethrios20@gmail.com', 'Salud Pública 2 - Tercer Año', '2023-05-02 17:32:41'),
(258, '8-987-2049', 'Rebeca del Carmen Dominguez Baule', 'drebecadelcarmen@gmail.com', 'Salud Pública 2 - Tercer Año', '2023-05-02 17:32:44'),
(259, '6-723-755', 'Ana Lorena Peralta Monterrey ', 'aperaltaa11@gmail.com', 'Salud Pública 2 - Tercer Año', '2023-05-02 17:32:46'),
(260, '1-752-854', 'Yahanis cortes', 'yahanisc8@gmail.com', 'Salud Pública 2 - Tercer Año', '2023-05-02 17:33:01'),
(261, '6-724-731', 'Nayelis Yarineth Rodriguez Gonzalez ', 'rodrigueznayelis008q@gmail.com', 'Salud Pública 2 - Tercer Año', '2023-05-02 17:33:29'),
(262, '6-725-1077', 'David Daniel Villarreal Cedeño', 'davidvillarreal211@gmail.com', 'Salud Pública 2 - Tercer Año', '2023-05-02 17:33:33'),
(263, '6-724-1173', 'Jose Castillo', 'joseteatro543@gmail.com', 'Salud Pública 2 - Tercer Año', '2023-05-02 17:34:08'),
(264, '6-724-1559', 'Yasibel Yaned Murillo Batista ', 'yasibel1331@gmail.com', 'Salud Pública 2 - Tercer Año', '2023-05-02 17:34:15'),
(265, '6-725-1848', 'Hillary Adara Moreno Frias ', 'hillarymoreno205@gmail.com', 'Salud Pública 2 - Tercer Año', '2023-05-02 17:35:01'),
(266, '6-708-1814', 'Luis Carlos Rodriguez cedeño', 'luisazukr84@gmail.com', 'Visita Estudiantes de Finanzas Prof. Sandra M.', '2023-05-02 17:35:50'),
(267, '6-708-1814', 'Luis Carlos Rodriguez cedeño', 'luisazukr84@gmail.com', 'Salud Pública 2 - Tercer Año', '2023-05-02 17:36:06'),
(268, '6/724/1203', 'Jose Bladimir Mendoza Pinto ', 'mendozajose0916@gmail.com', 'Visita Estudiantes de Finanzas Prof. Sandra M.', '2023-05-02 17:37:18'),
(269, '6-715-1103', 'Doralis yamileth cruz barria ', 'doralyscruzy17@gmail.com', 'Salud Pública 2 - Tercer Año', '2023-05-02 17:37:41'),
(270, '6/724/1203', 'Jose Bladimir Mendoza Pinto ', 'mendozajose0916@gmail.com', 'Salud Pública 2 - Tercer Año', '2023-05-02 17:37:45'),
(271, '6-706-402', 'Zoraida A. Díaz S.', 'kaijum1981@gmail.com', 'Salud Pública 2 - Tercer Año', '2023-05-02 17:40:38'),
(272, '7-713-505', 'Alizon Nodier Igualada Ulloa ', 'igualadaalizon95@gmail.com', 'Visita Estudiantes de Finanzas Prof. Sandra M.', '2023-05-02 17:40:53'),
(273, '6-725-37', 'Nicole Rodríguez ', 'nicole.rodriguezp12@gmail.com', 'Visita Estudiantes de Finanzas Prof. Sandra M.', '2023-05-02 17:41:23'),
(274, '6-725-2064', 'Kevin Noriega ', 'kevinnoriegam2@gmail.com', 'Visita Estudiantes de Finanzas Prof. Sandra M.', '2023-05-02 17:41:24'),
(275, '8-990-11', 'Astrid Rodríguez ', 'astriidr7261@gmail.com', 'Salud Pública 2 - Tercer Año', '2023-05-02 17:41:27'),
(276, '7-713-505', 'Alizon Nodier Igualada Ulloa ', 'igualadaalizon95@gmail.com', 'Salud Pública 2 - Tercer Año', '2023-05-02 17:41:45'),
(277, '6-725-1220', 'Nathalie Nazareth Saavedra Díaz ', 'nsaavedradiaz1@gmail.com', 'Visita Estudiantes de Finanzas Prof. Sandra M.', '2023-05-02 17:41:46'),
(278, '6-724-281', 'Lidia Villarreal', 'Villarreallidia7889@gmail.com', 'Salud Pública 2 - Tercer Año', '2023-05-02 17:41:46'),
(279, '6-725-2064', 'Kevin Noriega ', 'kevinnoriegam2@gmail.com', 'Salud Pública 2 - Tercer Año', '2023-05-02 17:41:47'),
(280, '6-725-37', 'Nicole Rodríguez ', 'nicole.rodriguezp12@gmail.com', 'Salud Pública 2 - Tercer Año', '2023-05-02 17:41:52'),
(281, '6-724-273', 'Jose manuel ponce de los rios ', 'poncejosemanuel30@gmail.com', 'Visita Estudiantes de Finanzas Prof. Sandra M.', '2023-05-02 17:41:56'),
(282, '6-725-1641', 'Rosa Rodríguez ', 'rosar04rodriguez@gmail.com', 'Salud Pública 2 - Tercer Año', '2023-05-02 17:42:14'),
(283, '7-713-2084', 'Yaimar Vargas ', 'yaimarvargas0611@gmail.com', 'Salud Pública 2 - Tercer Año', '2023-05-02 17:42:19'),
(284, '7-714-302', 'Eduardo Torres ', 'et1419112@gmail.com', 'Salud Pública 2 - Tercer Año', '2023-05-02 17:42:19'),
(285, '6-724-273', 'Jose manuel ponce de los rios ', 'poncejosemanuel30@gmail.com', 'Salud Pública 2 - Tercer Año', '2023-05-02 17:42:26'),
(286, '6-725-1220', 'Nathalie Nazareth Saavedra Díaz ', 'nsaavedradiaz1@gmail.com', 'Salud Pública 2 - Tercer Año', '2023-05-02 17:42:26'),
(287, '6-712-1733 ', 'Alex Alexander Araúz López ', 'alex.arauz02@up.ac.pa', 'Visita Estudiantes de Finanzas Prof. Sandra M.', '2023-05-02 17:43:00'),
(288, '6-725-1430', 'Mariel María Aparicio Villarreal', 'apariciomariel0202@gmail.com', 'Salud Pública 2 - Tercer Año', '2023-05-02 17:43:08'),
(289, '6-724-2108', 'Carlenis Maribel Poveda Mendoza', 'carlenis19poveda01@gmail.com', 'Salud Pública 2 - Tercer Año', '2023-05-02 17:43:18'),
(290, '7-714-302', 'Eduardo Torres ', 'et1419112@gmail.com', 'Salud Pública 2 - Tercer Año', '2023-05-02 17:43:19'),
(291, '6-712-1733 ', 'Alex Alexander Araúz López ', 'alex.arauz02@up.ac.pa', 'Salud Pública 2 - Tercer Año', '2023-05-02 17:43:21'),
(292, '8-989-915', 'Yadielsy Rivera ', 'yadielsyrivera@gmail.com', 'Visita Estudiantes de Finanzas Prof. Sandra M.', '2023-05-02 17:43:22'),
(293, '8-989-915', 'Yadielsy Rivera ', 'yadielsyrivera@gmail.com', 'Salud Pública 2 - Tercer Año', '2023-05-02 17:43:34'),
(294, '6-725-2064', 'Kevin Noriega ', 'kevinnoriegam2@gmail.com', 'Salud Pública 2 - Tercer Año', '2023-05-02 17:43:48'),
(295, '6-725-1632', 'Emiliet Trejos', 'emiliettrejos3018@gmail.com', 'Salud Pública 2 - Tercer Año', '2023-05-02 17:43:49'),
(296, '6-725-1475', 'Yohanna Mabel Higuera Higuera', 'yohanahiguera03h@gmail.com', 'Salud Pública 2 - Tercer Año', '2023-05-02 17:44:08'),
(297, '6-725-255', 'Arielis Solis', 'arielissolis1661@gmail.com', 'Salud Pública 2 - Tercer Año', '2023-05-02 17:44:23'),
(298, '7-713-505', 'Alizon Nodier Igualada Ulloa ', 'igualadaalizon95@gmail.com', 'Salud Pública 2 - Tercer Año', '2023-05-02 17:44:30'),
(299, '7-713-1485', 'Rigoberto Caballero ', 'caballerorigoberto34@gmail.com', 'Salud Pública 2 - Tercer Año', '2023-05-02 17:44:42'),
(300, '6-726-1037', 'Miyoris Chaney Naters Hernández', 'miyorisnaters@gmail.com', 'Visita Estudiantes de Finanzas Prof. Sandra M.', '2023-05-02 17:46:10'),
(301, '6-725-1088', 'Orich', 'murilloorich@gmail.com', 'Salud Pública 2 - Tercer Año', '2023-05-02 17:50:30'),
(302, '6-725-1088', 'Orich', 'murilloorich@gmail.com', 'Salud Pública 2 - Tercer Año', '2023-05-02 17:50:48'),
(303, '6-724-702', 'Juan Abel Gonzalez Real ', 'juanabel0806@gmail.com', 'Visita Estudiantes de Finanzas Prof. Sandra M.', '2023-05-02 19:33:58'),
(304, '6-724-1580', 'Edith Duran', 'editharleth1023@gmail.com', 'Visita Estudiantes de Finanzas Prof. Sandra M.', '2023-05-02 19:34:04'),
(305, '6-726-936', 'Didier Ivan Ortiz Castañeda', 'dierzitro25@gmail.com', 'Visitas en General', '2023-05-02 19:34:31'),
(306, '6-725-934', 'Astrid Shenoa Vigil P', 'Shenovigil@gmail.com', 'Visitas en General', '2023-05-02 19:34:36'),
(307, '6-727-668', 'katia barria', 'katiabarria2004@mail.com', 'Visitas en General', '2023-05-02 19:35:01'),
(308, '9-219-681', 'Mabel Elizabeth Aponte Pérez', 'apontemabel1814@gmail.com', 'Salud de Adultos - II Año A/B', '2023-05-02 22:43:36'),
(309, '6-725-880', 'silenys sandoval', 'silenyssandoval@gmail.com', 'Salud de Adultos - II Año A/B', '2023-05-02 22:45:12'),
(310, '6-726-29', 'Guadalupe Arauz', 'guadalupearauz11@gmail.com', 'Curso Alogrithmics ROBLOX/ C. Del Codigo', '2023-05-02 22:46:39'),
(311, '7-7132355', 'Elieth Cortés', 'eliethcortes23@gmail.com', 'Curso Alogrithmics ROBLOX/ C. Del Codigo', '2023-05-02 22:46:44'),
(312, '6-726-1435', 'Paola Marciaga', 'paolamarciaga6@gmail.com', 'Curso Alogrithmics ROBLOX/ C. Del Codigo', '2023-05-02 22:46:45'),
(313, '6-726-520', 'Meredyth Barria ', 'barriameredyth@gmail.com', 'Salud de Adultos - II Año A/B', '2023-05-02 22:46:55'),
(314, '6-725-2083', 'Rosalina Moreno', 'rosalinarm1991@gmail.com', 'Curso Alogrithmics ROBLOX/ C. Del Codigo', '2023-05-02 22:47:13'),
(315, '6-726-1435', 'Paola Marciaga', 'paolamarciaga6@gmail.com', 'Salud de Adultos - II Año A/B', '2023-05-02 22:47:17'),
(316, '8-996-1646', 'Noelys Escobar', 'noelysescobar61@gmail.com', 'Salud de Adultos - II Año A/B', '2023-05-02 22:47:21'),
(317, '6-725-2083', 'Rosalina Moreno', 'rosalinarm1991@gmail.com', 'Salud de Adultos - II Año A/B', '2023-05-02 22:47:39'),
(318, '6-725-2082', 'Fabio Villarreal ', 'fabiovillarreal2@gmail.com', 'Salud de Adultos - II Año A/B', '2023-05-02 22:47:45'),
(319, '3-754-846', 'Paola Sue Muñoz Pieffer', 'paosmpieffer@gmail.com', 'Salud de Adultos - II Año A/B', '2023-05-02 22:47:52'),
(320, '6-725-2026', 'Melanny Iturralde ', 'iturraldemelanny@gmail.com', 'Salud de Adultos - II Año A/B', '2023-05-02 22:47:58'),
(321, '7-708-2402', 'yamilkar ortiz', 'vergarayamilkar@gmail.com', 'Salud de Adultos - II Año A/B', '2023-05-02 22:48:37'),
(322, '6-725-2297', 'Ronald Rodríguez ', 'ronalrodriguez182219@gmail.com', 'Salud de Adultos - II Año A/B', '2023-05-02 22:48:41'),
(323, '7-713-1121', 'Astrid Yisel González Peralta ', 'astridyiselg@gmail.com', 'Salud de Adultos - II Año A/B', '2023-05-02 22:48:50'),
(324, '7-712-1035', 'Luz Briseida Castro', 'luzcastro1418@gmail.com', 'Salud de Adultos - II Año A/B', '2023-05-02 22:48:55'),
(325, '4-766-476', 'Arielys K Suarez Palma ', 'arielyskarina@hotmail.com', 'Curso Alogrithmics ROBLOX/ C. Del Codigo', '2023-05-02 22:48:58'),
(326, '6-725-406', 'Michael Yoel Domínguez ', 'maikoldomin22@gmail.com', 'Salud de Adultos - II Año A/B', '2023-05-02 22:49:00'),
(327, '7-714-1237', 'Alsy Gabriela cárdenas González ', 'cardenasalsy.2603@gmail.com', 'Curso Alogrithmics ROBLOX/ C. Del Codigo', '2023-05-02 22:49:11'),
(328, '4-766-476', 'Arielys K Suarez Palma ', 'arielyskarina@hotmail.com', 'Salud de Adultos - II Año A/B', '2023-05-02 22:49:14'),
(329, '9-757-710', 'meisis johana ayala riquelme', 'meisisayala9@gmail.com', 'Salud de Adultos - II Año A/B', '2023-05-02 22:49:33'),
(330, '7-714-665', 'Emanuel González', 'eg428874@gmail.com', 'Salud de Adultos - II Año A/B', '2023-05-02 22:50:01'),
(331, '4-766-476', 'Arielys K Suarez Palma ', 'arielyskarina@hotmail.com', 'Salud de Adultos - II Año A/B', '2023-05-02 22:50:02'),
(332, '6-726-1073', 'Anyuri Masiel Muñoz Sánchez ', 'anyuri08munoz@gmail.com', 'Salud de Adultos - II Año A/B', '2023-05-02 22:50:24'),
(333, '7-714-1237', 'Alsy Gabriela cárdenas González ', 'cardenasalsy.2603@gmail.com', 'Salud de Adultos - II Año A/B', '2023-05-02 22:50:46'),
(334, '6-726-1214', 'librada nuñez', 'libradanun@gmail.com', 'Salud de Adultos - II Año A/B', '2023-05-02 22:50:55'),
(335, '7-714-1250', 'Carolin Yisel Banda Vega', 'carolin.banda@up.ac.pa', 'Salud de Adultos - II Año A/B', '2023-05-02 22:52:49'),
(336, '6-708-76', 'Celibeth Del Carmen Cedeño Atencio', 'cely1728@gmail.com', 'Salud de Adultos - II Año A/B', '2023-05-02 22:56:23'),
(337, '6-705-2394', 'Luz Maria Villarreal', 'luzvillarreal209@gmail.com', 'Salud de Adultos - II Año A/B', '2023-05-02 22:56:52'),
(338, '6/726/2455', 'Sugeydis Paola Cruz De Gracia', 'sugeydiscruz18@gmail.com', 'Curso Alogrithmics ROBLOX/ C. Del Codigo', '2023-05-02 23:28:26'),
(339, '6-726-430', 'Niurka Judith Rodriguez Jimenez', 'niurkar472@gmail.com', 'Lab. Fundamentos de Enfermería - II año', '2023-05-02 23:28:47'),
(340, '6-721-1485', 'Christian A. Flores G.', 'crishadler.nl04@gmail.com', '', '2023-05-02 23:38:31'),
(341, '6-721-1485', 'Christian A. Flores G.', 'crishadler.nl04@gmail.com', '', '2023-05-02 23:42:42'),
(342, '6-721-1485', 'Christian A. Flores G.', 'crishadler.nl04@gmail.com', '', '2023-05-02 23:43:15'),
(343, '8-710-1918', 'Edwin Castillo', 'edwind@gmail.com', '', '2023-05-03 00:06:39'),
(344, '8-891-1692', 'Josseline Ureña', 'josselinecris@gmail.com', 'Curso Alogrithmics ROBLOX/ C. Del Codigo', '2023-05-03 00:25:49'),
(345, '6-732-940', 'Amelia Anais Flores Barria', 'floresbamelia@gmail.com', 'Curso Alogrithmics ROBLOX/ C. Del Codigo', '2023-05-03 00:48:01'),
(346, '6-732-1639', 'Mia Melina Alvarado', 'arysmelisa@hotmail.com', 'Curso Alogrithmics ROBLOX/ C. Del Codigo', '2023-05-03 00:48:28'),
(347, '7-717-1732', 'Sebastián Harmodio Mudarra De León', 'ritamudarra@gmail.com', 'Curso Alogrithmics ROBLOX/ C. Del Codigo', '2023-05-03 00:54:08'),
(348, '6-735-1116', 'Emilie Marie Sanchez Palacios', 'jackelineperez203@gmail.com', 'Curso Alogrithmics ROBLOX/ C. Del Codigo', '2023-05-03 00:56:33'),
(349, '6-733-437', 'Peggy Victoria Tello Lee', 'kati.lee2722@gmail.com', 'Curso Alogrithmics ROBLOX/ C. Del Codigo', '2023-05-03 01:03:32'),
(350, '6-736-807', 'Ariha Araúz', 'sheenashcks@gmail.com', 'Curso Alogrithmics ROBLOX/ C. Del Codigo', '2023-05-03 01:20:01'),
(351, '6-736-763', 'Felipe Arizaga', 'farizagape@gmail.com', 'Curso Alogrithmics ROBLOX/ C. Del Codigo', '2023-05-03 02:21:42'),
(352, '6-727-668', 'Katia Barría', 'katiabarria2004@gmail.com', 'Visitas en General', '2023-05-03 20:26:53'),
(353, '6-726-936', 'Didier Ivan Ortiz Castañeda', 'dierzitro25@gmail.com', '', '2023-05-03 20:26:55'),
(354, '6-725-934', 'Astrid Shenoa Vigil P', 'shenovigil@gmail.com', 'Visitas en General', '2023-05-03 20:27:01'),
(355, '6-726-936', 'Didier Ivan Ortiz Castañeda', 'dierzitro25@gmail.com', 'Visitas en General', '2023-05-03 20:27:13'),
(356, '6-724-1580', 'Edith Duran', 'editharleth1023@gmail.com', 'Visitas en General', '2023-05-03 20:27:32'),
(357, '8-323-212', 'Fernando De Pasquale Arcia.', 'depasquale2563@gmail.com', 'Visitas en General', '2023-05-03 21:17:06'),
(358, '6-701-2055', 'ELIS SERRANO', 'elisserrano06@gmail.com', '', '2023-05-03 22:35:45'),
(359, '6-721-1767', 'rigo bosquez', 'rigo.bosquez1@gmail.com', '', '2023-05-05 16:57:08'),
(360, '6-721-1767', 'rigo bosquez', 'rigo.bosquez1@gmail.com', 'Salud Pública 2 - Tercer Año', '2023-05-05 16:57:29'),
(361, '7-713-1503', 'Librada Nayelis Morcillo Mela ', 'libradamorcillo1304@gmail.com', '', '2023-05-05 16:58:50'),
(362, '7-713-1503', 'Librada Nayelis Morcillo Mela ', 'libradamorcillo1304@gmail.com', 'Salud Pública 2 - Tercer Año', '2023-05-05 16:59:22'),
(363, '6-725-3',    'Angie Gelsisbeth Bonilla Pimentel', 'angiegbp01@gmail.com', '', '2023-05-05 17:00:46'),
(364, '7-712-1907', 'OBDULIA ABREGO', 'yuyi14jimenez21@gmail.com', 'Salud Pública 2 - Tercer Año', '2023-05-05 17:01:10'),
(365, '7/713/1751', 'Luz Perez', 'luz331191@gmail.com', '', '2023-05-05 17:03:01'),
(366, '7-713-1627', 'Natalia Yulissa Cedeño Pérez', 'nataliacedeno18@gmail.com', 'Salud Pública 2 - Tercer Año', '2023-05-05 17:03:04'),
(367, '7/713/1751', 'Luz Perez', 'luz331191@gmail.com', 'Salud Pública 2 - Tercer Año', '2023-05-05 17:03:18'),
(368, '6-724-1496', 'Brian Antonio Villarreal Rodriguez', 'josesejin7@gmail.com', 'Salud Pública 2 - Tercer Año', '2023-05-05 17:03:27'),
(369, '8-984-2353', 'Dianelis Yatzuris Perez Martinez', 'pdianelis9@gmail.com', 'Salud Pública 2 - Tercer Año', '2023-05-05 17:03:31'),
(370, '6-721-231', 'Yudiela Aparicio', 'yudyaparicio31@gmail.com', '', '2023-05-05 17:03:38'),
(371, '6-721-231', 'Yudiela Aparicio', 'yudyaparicio31@gmail.com', 'Salud Pública 2 - Tercer Año', '2023-05-05 17:04:03'),
(372, '6-725-1652', 'Maxibell Carolina Murillo Villarreal ', 'maxibellcmv02@gmail.com', 'Salud Pública 2 - Tercer Año', '2023-05-05 17:05:12'),
(373, '6-726-81', 'anayansi moreno', 'anayansi24estudiante@gmail.com', 'Salud Pública 2 - Tercer Año', '2023-05-05 17:05:20'),
(374, '7-713-2446', 'Diana Cortes', 'dianicortes81@gmail.com', 'Salud Pública 2 - Tercer Año', '2023-05-05 17:06:07'),
(375, '7-713-2081', 'Ana María Concepción', 'ballesterosana14@gmail.com', 'Salud Pública 2 - Tercer Año', '2023-05-05 17:07:16'),
(376, '7-713-1594', 'Nuvia Novalee Gonzalez Hernandez', 'nuvgonzalez20@gmail.com', '', '2023-05-05 17:07:32'),
(377, '3-752-8', 'Dayannis Batista', 'batistadayannis2@gmail.com', 'Salud Pública 2 - Tercer Año', '2023-05-05 17:07:44'),
(378, '7-713-1594', 'Nuvia Novalee Gonzalez Hernandez', 'nuvgonzalez20@gmail.com', 'Salud Pública 2 - Tercer Año', '2023-05-05 17:07:46'),
(379, '7-711-2002', 'aurelio yohel cardenas cordoba', 'aureliocardenas61@gmail.com', 'Salud Pública 2 - Tercer Año', '2023-05-05 17:09:02'),
(380, '7/708/1035', 'carmen Cecilia Gutierrez Cardenas ', 'ccgutierrez.08@gmail.com', 'Salud Pública 2 - Tercer Año', '2023-05-05 17:09:24'),
(381, '7-713-1596', 'Fatima Eduviges Garcia Montero ', 'fatygarcia.0404@gmail.com', 'Salud Pública 2 - Tercer Año', '2023-05-05 17:10:08'),
(382, '6-720-648', 'eliza lisbeth aparicio jaramillo', 'elizaaparicio23@gmail.com', 'Salud Pública 2 - Tercer Año', '2023-05-05 17:10:33'),
(383, '12-717-2009', 'Amarilis Miranda Concepción ', 'amarilis1270m@gmail.com', 'Salud Pública 2 - Tercer Año', '2023-05-05 17:12:25'),
(384, '7-704-377', 'jennifer gonzalez', 'enf830@gmail.com', 'Salud Pública 2 - Tercer Año', '2023-05-05 17:17:20'),
(385, '6-714-1810', 'Fidedigna Rosario C ', 'rosariofid@hotmail.com', 'Salud Pública 2 - Tercer Año', '2023-05-05 17:24:01'),
(386, '6-718-571', 'María Tejada', 'mary041994@hotmail.com', 'Salud Pública 2 - Tercer Año', '2023-05-05 17:25:47');

--
-- Índices para tablas volcadas
--

--
-- Indices de la tabla `permisos`
--
ALTER TABLE `permisos`
  ADD PRIMARY KEY (`id`);

--
-- Indices de la tabla `tb_act`
--
ALTER TABLE `tb_act`
  ADD UNIQUE KEY `id` (`id`);

--
-- Indices de la tabla `tb_asist`
--
ALTER TABLE `tb_asist`
  ADD PRIMARY KEY (`cedula`);

--
-- Indices de la tabla `tb_unirme`
--
ALTER TABLE `tb_unirme`
  ADD PRIMARY KEY (`id`);

--
-- AUTO_INCREMENT de las tablas volcadas
--

--
-- AUTO_INCREMENT de la tabla `permisos`
--
ALTER TABLE `permisos`
  MODIFY `id` int NOT NULL AUTO_INCREMENT, AUTO_INCREMENT=3;

--
-- AUTO_INCREMENT de la tabla `tb_act`
--
ALTER TABLE `tb_act`
  MODIFY `id` int NOT NULL AUTO_INCREMENT, AUTO_INCREMENT=23;

--
-- AUTO_INCREMENT de la tabla `tb_unirme`
--
ALTER TABLE `tb_unirme`
  MODIFY `id` int NOT NULL AUTO_INCREMENT, AUTO_INCREMENT=387;
COMMIT;

